{"id":929,"date":"2012-04-14T13:47:20","date_gmt":"2012-04-14T09:47:20","guid":{"rendered":"http:\/\/stmichel.re\/wp_stm\/?page_id=929"},"modified":"2015-10-30T19:43:44","modified_gmt":"2015-10-30T15:43:44","slug":"accompagner-les-eleves-en-difficultes","status":"publish","type":"page","link":"https:\/\/stmichel.re\/?page_id=929","title":{"rendered":"L&rsquo;Entr&rsquo;aide"},"content":{"rendered":"<p style=\"text-align: justify;\"><a href=\"http:\/\/stmichel.re\/wp_stm\/wp-content\/uploads\/2012\/04\/DIFF41.jpg\"><img loading=\"lazy\" decoding=\"async\" class=\"alignleft  wp-image-931\" title=\"DIFF4\" src=\"http:\/\/stmichel.re\/wp_stm\/wp-content\/uploads\/2012\/04\/DIFF41-225x300.jpg\" alt=\"\" width=\"217\" height=\"289\" srcset=\"https:\/\/stmichel.re\/wp_stm\/wp-content\/uploads\/2012\/04\/DIFF41-225x300.jpg 225w, https:\/\/stmichel.re\/wp_stm\/wp-content\/uploads\/2012\/04\/DIFF41-768x1024.jpg 768w\" sizes=\"auto, (max-width: 217px) 100vw, 217px\" \/><\/a><\/p>\n<p>Un des axes de notre projet d&rsquo;\u00e9tablissement est la r\u00e9ussite et l&rsquo;\u00e9panouissement de tous les \u00e9l\u00e8ves. Une attention particuli\u00e8re pour les jeunes qui souffrent de difficult\u00e9s scolaires ou affectives, est consid\u00e9r\u00e9e par tous les membres de l&rsquo;\u00e9quipe \u00e9ducative comme une priorit\u00e9 de l&rsquo;institution. (Extrait du projet \u00e9ducatif Lasallien)<\/p>\n<p><u>Le tutorat au sein d\u2019une classe <\/u><\/p>\n<p>Il est mis en place par le professeur principal. Un \u00e9l\u00e8ve rencontrant des difficult\u00e9s dans une ou plusieurs mati\u00e8res b\u00e9n\u00e9ficient de l&rsquo;aide et de conseils d\u2019un camarade de la classe.<\/p>\n<p><u>Le contrat de suivi dans le travail et le comportement<\/u><\/p>\n<p>Afin d&rsquo;assurer un suivi p\u00e9dagogique, il est mis en place pour des \u00e9l\u00e8ves redoublants ou sur proposition du conseil des professeurs. En visant ce contrat r\u00e9guli\u00e8rement, les familles et l\u2019\u00e9quipe \u00e9ducative suivent les efforts et les progr\u00e8s de l\u2019\u00e9l\u00e8ve.<\/p>\n<p><u>Aide m\u00e9thodologique en sixi\u00e8me (AAE)<\/u><\/p>\n<p>Une heure dans l&#8217;emploi du temps de la classe est consacr\u00e9e aux m\u00e9thodes de travail sp\u00e9cifiques \u00e0 la classe de sixi\u00e8me : cahier de texte, emploi du temps, gestion des devoirs, &#8230;<\/p>\n<p><u><img loading=\"lazy\" decoding=\"async\" class=\"aligncenter size-large wp-image-933\" title=\"DIFF1\" src=\"http:\/\/stmichel.re\/wp_stm\/wp-content\/uploads\/2012\/04\/DIFF1-1024x313.jpg\" alt=\"\" width=\"584\" height=\"178\" srcset=\"https:\/\/stmichel.re\/wp_stm\/wp-content\/uploads\/2012\/04\/DIFF1-1024x313.jpg 1024w, https:\/\/stmichel.re\/wp_stm\/wp-content\/uploads\/2012\/04\/DIFF1-300x91.jpg 300w, https:\/\/stmichel.re\/wp_stm\/wp-content\/uploads\/2012\/04\/DIFF1-500x152.jpg 500w\" sizes=\"auto, (max-width: 584px) 100vw, 584px\" \/>\u00a0<\/u><u>Aide aux \u00e9l\u00e8ves souffrant de troubles \u00ab\u00a0dys\u00a0\u00bb <\/u><\/p>\n<p>Nous proposons\u00a0des am\u00e9nagements p\u00e9dagogiques formalis\u00e9s par\u00a0le Projet d\u2019Accompagnement personnalis\u00e9 (PAP).<\/p>\n<p>Exemples : tiers-temps, dict\u00e9e am\u00e9nag\u00e9e, utilisation de l\u2019outil informatique\u2026<\/p>\n<p><u>Pr\u00e9sence d\u2019une conseill\u00e8re d\u2019orientation psychologue<\/u>.<\/p>\n<p style=\"text-align: justify;\"><span style=\"text-decoration: underline;\"><a href=\"http:\/\/stmichel.re\/wp_stm\/wp-content\/uploads\/2012\/04\/DIFF1.jpg\">\u00a0<\/a><\/span><\/p>\n<p class=\"p1\">\n<p style=\"text-align: justify;\">\n","protected":false},"excerpt":{"rendered":"<p>Un des axes de notre projet d&rsquo;\u00e9tablissement est la r\u00e9ussite et l&rsquo;\u00e9panouissement de tous les \u00e9l\u00e8ves. Une attention particuli\u00e8re pour les jeunes qui souffrent de difficult\u00e9s scolaires ou affectives, est consid\u00e9r\u00e9e par tous les membres de l&rsquo;\u00e9quipe \u00e9ducative comme une priorit\u00e9 de l&rsquo;institution. (Extrait du projet \u00e9ducatif Lasallien) Le tutorat au sein d\u2019une classe Il &hellip; <\/p>\n<p class=\"link-more\"><a href=\"https:\/\/stmichel.re\/?page_id=929\" class=\"more-link\">Continuer la lecture<span class=\"screen-reader-text\"> de &laquo;&nbsp;L&rsquo;Entr&rsquo;aide&nbsp;&raquo;<\/span><\/a><\/p>\n","protected":false},"author":197,"featured_media":2355,"parent":6,"menu_order":20,"comment_status":"closed","ping_status":"closed","template":"","meta":{"ngg_post_thumbnail":0,"footnotes":"","_links_to":"","_links_to_target":""},"class_list":["post-929","page","type-page","status-publish","has-post-thumbnail","hentry"],"_links":{"self":[{"href":"https:\/\/stmichel.re\/index.php?rest_route=\/wp\/v2\/pages\/929","targetHints":{"allow":["GET"]}}],"collection":[{"href":"https:\/\/stmichel.re\/index.php?rest_route=\/wp\/v2\/pages"}],"about":[{"href":"https:\/\/stmichel.re\/index.php?rest_route=\/wp\/v2\/types\/page"}],"author":[{"embeddable":true,"href":"https:\/\/stmichel.re\/index.php?rest_route=\/wp\/v2\/users\/197"}],"replies":[{"embeddable":true,"href":"https:\/\/stmichel.re\/index.php?rest_route=%2Fwp%2Fv2%2Fcomments&post=929"}],"version-history":[{"count":0,"href":"https:\/\/stmichel.re\/index.php?rest_route=\/wp\/v2\/pages\/929\/revisions"}],"up":[{"embeddable":true,"href":"https:\/\/stmichel.re\/index.php?rest_route=\/wp\/v2\/pages\/6"}],"wp:featuredmedia":[{"embeddable":true,"href":"https:\/\/stmichel.re\/index.php?rest_route=\/wp\/v2\/media\/2355"}],"wp:attachment":[{"href":"https:\/\/stmichel.re\/index.php?rest_route=%2Fwp%2Fv2%2Fmedia&parent=929"}],"curies":[{"name":"wp","href":"https:\/\/api.w.org\/{rel}","templated":true}]}}

<p style="text-align: justify;"><a href="http://stmichel.re/wp_stm/wp-content/uploads/2012/04/DIFF41.jpg"><img loading="lazy" decoding="async" class="alignleft  wp-image-931" title="DIFF4" src="http://stmichel.re/wp_stm/wp-content/uploads/2012/04/DIFF41-225x300.jpg" alt="" width="217" height="289" srcset="https://stmichel.re/wp_stm/wp-content/uploads/2012/04/DIFF41-225x300.jpg 225w, https://stmichel.re/wp_stm/wp-content/uploads/2012/04/DIFF41-768x1024.jpg 768w" sizes="auto, (max-width: 217px) 100vw, 217px" /></a></p>
<p>Un des axes de notre projet d&rsquo;établissement est la réussite et l&rsquo;épanouissement de tous les élèves. Une attention particulière pour les jeunes qui souffrent de difficultés scolaires ou affectives, est considérée par tous les membres de l&rsquo;équipe éducative comme une priorité de l&rsquo;institution. (Extrait du projet éducatif Lasallien)</p>
<p><u>Le tutorat au sein d’une classe </u></p>
<p>Il est mis en place par le professeur principal. Un élève rencontrant des difficultés dans une ou plusieurs matières bénéficient de l&rsquo;aide et de conseils d’un camarade de la classe.</p>
<p><u>Le contrat de suivi dans le travail et le comportement</u></p>
<p>Afin d&rsquo;assurer un suivi pédagogique, il est mis en place pour des élèves redoublants ou sur proposition du conseil des professeurs. En visant ce contrat régulièrement, les familles et l’équipe éducative suivent les efforts et les progrès de l’élève.</p>
<p><u>Aide méthodologique en sixième (AAE)</u></p>
<p>Une heure dans l&#8217;emploi du temps de la classe est consacrée aux méthodes de travail spécifiques à la classe de sixième : cahier de texte, emploi du temps, gestion des devoirs, &#8230;</p>
<p><u><img loading="lazy" decoding="async" class="aligncenter size-large wp-image-933" title="DIFF1" src="http://stmichel.re/wp_stm/wp-content/uploads/2012/04/DIFF1-1024x313.jpg" alt="" width="584" height="178" srcset="https://stmichel.re/wp_stm/wp-content/uploads/2012/04/DIFF1-1024x313.jpg 1024w, https://stmichel.re/wp_stm/wp-content/uploads/2012/04/DIFF1-300x91.jpg 300w, https://stmichel.re/wp_stm/wp-content/uploads/2012/04/DIFF1-500x152.jpg 500w" sizes="auto, (max-width: 584px) 100vw, 584px" /> </u><u>Aide aux élèves souffrant de troubles « dys » </u></p>
<p>Nous proposons des aménagements pédagogiques formalisés par le Projet d’Accompagnement personnalisé (PAP).</p>
<p>Exemples : tiers-temps, dictée aménagée, utilisation de l’outil informatique…</p>
<p><u>Présence d’une conseillère d’orientation psychologue</u>.</p>
<p style="text-align: justify;"><span style="text-decoration: underline;"><a href="http://stmichel.re/wp_stm/wp-content/uploads/2012/04/DIFF1.jpg"> </a></span></p>
<p class="p1">
<p style="text-align: justify;">

<p>Un des axes de notre projet d&rsquo;établissement est la réussite et l&rsquo;épanouissement de tous les élèves. Une attention particulière pour les jeunes qui souffrent de difficultés scolaires ou affectives, est considérée par tous les membres de l&rsquo;équipe éducative comme une priorité de l&rsquo;institution. (Extrait du projet éducatif Lasallien) Le tutorat au sein d’une classe Il &hellip; </p>
<p class="link-more"><a href="https://stmichel.re/?page_id=929" class="more-link">Continuer la lecture<span class="screen-reader-text"> de &laquo;&nbsp;L&rsquo;Entr&rsquo;aide&nbsp;&raquo;</span></a></p>
