{"id":9183,"date":"2016-09-17T14:03:33","date_gmt":"2016-09-17T10:03:33","guid":{"rendered":"http:\/\/stmichel.re\/?page_id=9183"},"modified":"2021-12-02T12:52:31","modified_gmt":"2021-12-02T08:52:31","slug":"restaurant-scolaire","status":"publish","type":"page","link":"https:\/\/stmichel.re\/?page_id=9183","title":{"rendered":"Restaurant scolaire"},"content":{"rendered":"<p><span style=\"font-size: inherit;\">Pour toute remarque ou question, n&rsquo;h\u00e9sitez \u00e0 contacter le chef M. K\u00e9vin Neyton par mail :<\/span><span class=\"s1\" style=\"font-size: inherit;\">&nbsp;<a href=\"mailto:college-st-michel@d2r.re\"><span class=\"s2\">college-st-michel@d2r.re<\/span><\/a><\/span><\/p>\n\n\n<figure class=\"wp-block-image size-large\"><a href=\"http:\/\/stmichel.re\/wp_stm\/wp-content\/uploads\/2021\/11\/Capture-de\u0301cran-2021-11-24-a\u0300-12.18.00.png\"><img loading=\"lazy\" decoding=\"async\" width=\"1200\" height=\"626\" src=\"http:\/\/stmichel.re\/wp_stm\/wp-content\/uploads\/2021\/11\/Capture-de\u0301cran-2021-11-24-a\u0300-12.18.00-1200x626.png\" alt=\"\" class=\"wp-image-15118\" srcset=\"https:\/\/stmichel.re\/wp_stm\/wp-content\/uploads\/2021\/11\/Capture-de\u0301cran-2021-11-24-a\u0300-12.18.00-1200x626.png 1200w, https:\/\/stmichel.re\/wp_stm\/wp-content\/uploads\/2021\/11\/Capture-de\u0301cran-2021-11-24-a\u0300-12.18.00-300x157.png 300w, https:\/\/stmichel.re\/wp_stm\/wp-content\/uploads\/2021\/11\/Capture-de\u0301cran-2021-11-24-a\u0300-12.18.00-768x401.png 768w, https:\/\/stmichel.re\/wp_stm\/wp-content\/uploads\/2021\/11\/Capture-de\u0301cran-2021-11-24-a\u0300-12.18.00-1536x802.png 1536w, https:\/\/stmichel.re\/wp_stm\/wp-content\/uploads\/2021\/11\/Capture-de\u0301cran-2021-11-24-a\u0300-12.18.00-2048x1069.png 2048w, https:\/\/stmichel.re\/wp_stm\/wp-content\/uploads\/2021\/11\/Capture-de\u0301cran-2021-11-24-a\u0300-12.18.00-1320x689.png 1320w\" sizes=\"auto, (max-width: 767px) 89vw, (max-width: 1000px) 54vw, (max-width: 1071px) 543px, 580px\" \/><\/a><\/figure>\n\n\n\n<figure class=\"wp-block-image size-large\"><a href=\"http:\/\/stmichel.re\/wp_stm\/wp-content\/uploads\/2021\/12\/Capture-de\u0301cran-2021-12-02-a\u0300-12.50.42.png\"><img loading=\"lazy\" decoding=\"async\" width=\"1200\" height=\"622\" src=\"http:\/\/stmichel.re\/wp_stm\/wp-content\/uploads\/2021\/12\/Capture-de\u0301cran-2021-12-02-a\u0300-12.50.42-1200x622.png\" alt=\"\" class=\"wp-image-15121\"\/><\/a><\/figure>\n","protected":false},"excerpt":{"rendered":"<p>Pour toute remarque ou question, n&rsquo;h\u00e9sitez \u00e0 contacter le chef M. K\u00e9vin Neyton par mail :&nbsp;college-st-michel@d2r.re<\/p>\n","protected":false},"author":197,"featured_media":0,"parent":4,"menu_order":0,"comment_status":"closed","ping_status":"closed","template":"","meta":{"ngg_post_thumbnail":0,"footnotes":"","_links_to":"","_links_to_target":""},"class_list":["post-9183","page","type-page","status-publish","hentry"],"_links":{"self":[{"href":"https:\/\/stmichel.re\/index.php?rest_route=\/wp\/v2\/pages\/9183","targetHints":{"allow":["GET"]}}],"collection":[{"href":"https:\/\/stmichel.re\/index.php?rest_route=\/wp\/v2\/pages"}],"about":[{"href":"https:\/\/stmichel.re\/index.php?rest_route=\/wp\/v2\/types\/page"}],"author":[{"embeddable":true,"href":"https:\/\/stmichel.re\/index.php?rest_route=\/wp\/v2\/users\/197"}],"replies":[{"embeddable":true,"href":"https:\/\/stmichel.re\/index.php?rest_route=%2Fwp%2Fv2%2Fcomments&post=9183"}],"version-history":[{"count":8,"href":"https:\/\/stmichel.re\/index.php?rest_route=\/wp\/v2\/pages\/9183\/revisions"}],"predecessor-version":[{"id":15122,"href":"https:\/\/stmichel.re\/index.php?rest_route=\/wp\/v2\/pages\/9183\/revisions\/15122"}],"up":[{"embeddable":true,"href":"https:\/\/stmichel.re\/index.php?rest_route=\/wp\/v2\/pages\/4"}],"wp:attachment":[{"href":"https:\/\/stmichel.re\/index.php?rest_route=%2Fwp%2Fv2%2Fmedia&parent=9183"}],"curies":[{"name":"wp","href":"https:\/\/api.w.org\/{rel}","templated":true}]}}

<p><span style="font-size: inherit;">Pour toute remarque ou question, n&rsquo;hésitez à contacter le chef M. Kévin Neyton par mail :</span><span class="s1" style="font-size: inherit;">&nbsp;<a href="mailto:college-st-michel@d2r.re"><span class="s2">college-st-michel@d2r.re</span></a></span></p>


<figure class="wp-block-image size-large"><a href="http://stmichel.re/wp_stm/wp-content/uploads/2021/11/Capture-décran-2021-11-24-à-12.18.00.png"><img loading="lazy" decoding="async" width="1200" height="626" src="http://stmichel.re/wp_stm/wp-content/uploads/2021/11/Capture-décran-2021-11-24-à-12.18.00-1200x626.png" alt="" class="wp-image-15118" srcset="https://stmichel.re/wp_stm/wp-content/uploads/2021/11/Capture-décran-2021-11-24-à-12.18.00-1200x626.png 1200w, https://stmichel.re/wp_stm/wp-content/uploads/2021/11/Capture-décran-2021-11-24-à-12.18.00-300x157.png 300w, https://stmichel.re/wp_stm/wp-content/uploads/2021/11/Capture-décran-2021-11-24-à-12.18.00-768x401.png 768w, https://stmichel.re/wp_stm/wp-content/uploads/2021/11/Capture-décran-2021-11-24-à-12.18.00-1536x802.png 1536w, https://stmichel.re/wp_stm/wp-content/uploads/2021/11/Capture-décran-2021-11-24-à-12.18.00-2048x1069.png 2048w, https://stmichel.re/wp_stm/wp-content/uploads/2021/11/Capture-décran-2021-11-24-à-12.18.00-1320x689.png 1320w" sizes="auto, (max-width: 767px) 89vw, (max-width: 1000px) 54vw, (max-width: 1071px) 543px, 580px" /></a></figure>



<figure class="wp-block-image size-large"><a href="http://stmichel.re/wp_stm/wp-content/uploads/2021/12/Capture-décran-2021-12-02-à-12.50.42.png"><img loading="lazy" decoding="async" width="1200" height="622" src="http://stmichel.re/wp_stm/wp-content/uploads/2021/12/Capture-décran-2021-12-02-à-12.50.42-1200x622.png" alt="" class="wp-image-15121"/></a></figure>

<p>Pour toute remarque ou question, n&rsquo;hésitez à contacter le chef M. Kévin Neyton par mail :&nbsp;college-st-michel@d2r.re</p>
