{"id":9088,"date":"2016-09-07T16:45:18","date_gmt":"2016-09-07T12:45:18","guid":{"rendered":"http:\/\/stmichel.re\/?page_id=9088"},"modified":"2016-11-14T16:59:01","modified_gmt":"2016-11-14T12:59:01","slug":"techno","status":"publish","type":"page","link":"https:\/\/stmichel.re\/?page_id=9088","title":{"rendered":"Techno"},"content":{"rendered":"<p>Retrouvez ici les <span style=\"text-decoration: underline;\">fiches de connaissances<\/span> au fur et \u00e0 mesure de leur mise en ligne&#8230;&nbsp; <img src=\"https:\/\/stmichel.re\/wp_stm\/wp-includes\/images\/smilies\/icon_razz.gif\" alt=\":p\" class=\"wp-smiley\" style=\"height: 1em; max-height: 1em;\" \/><\/p>\n<p><span style=\"color: #ff0000;\">Cycle 3<\/span> (sixi\u00e8mes) :<\/p>\n<p><a href=\"http:\/\/stmichel.re\/wp_stm\/wp-content\/uploads\/2016\/09\/6S1.pdf\">Le besoin &#8211; Fonction d&rsquo;usage &#8211; Fonction d&rsquo;estime<\/a><\/p>\n<p><a href=\"http:\/\/stmichel.re\/wp_stm\/wp-content\/uploads\/2016\/09\/fiche-connaissances-6e-S2.pdf\">Fonctions techniques et solutions techniques<\/a>&nbsp;<\/p>\n<p><span style=\"color: #ff0000;\">Cycle 4<\/span> (cinqui\u00e8me \u00e0 troisi\u00e8me) :<\/p>\n","protected":false},"excerpt":{"rendered":"<p>Retrouvez ici les fiches de connaissances au fur et \u00e0 mesure de leur mise en ligne&#8230;&nbsp; Cycle 3 (sixi\u00e8mes) : Le besoin &#8211; Fonction d&rsquo;usage &#8211; Fonction d&rsquo;estime Fonctions techniques et solutions techniques&nbsp; Cycle 4 (cinqui\u00e8me \u00e0 troisi\u00e8me) :<\/p>\n","protected":false},"author":197,"featured_media":0,"parent":4,"menu_order":60,"comment_status":"closed","ping_status":"closed","template":"","meta":{"ngg_post_thumbnail":0,"footnotes":"","_links_to":"","_links_to_target":""},"class_list":["post-9088","page","type-page","status-publish","hentry"],"_links":{"self":[{"href":"https:\/\/stmichel.re\/index.php?rest_route=\/wp\/v2\/pages\/9088","targetHints":{"allow":["GET"]}}],"collection":[{"href":"https:\/\/stmichel.re\/index.php?rest_route=\/wp\/v2\/pages"}],"about":[{"href":"https:\/\/stmichel.re\/index.php?rest_route=\/wp\/v2\/types\/page"}],"author":[{"embeddable":true,"href":"https:\/\/stmichel.re\/index.php?rest_route=\/wp\/v2\/users\/197"}],"replies":[{"embeddable":true,"href":"https:\/\/stmichel.re\/index.php?rest_route=%2Fwp%2Fv2%2Fcomments&post=9088"}],"version-history":[{"count":0,"href":"https:\/\/stmichel.re\/index.php?rest_route=\/wp\/v2\/pages\/9088\/revisions"}],"up":[{"embeddable":true,"href":"https:\/\/stmichel.re\/index.php?rest_route=\/wp\/v2\/pages\/4"}],"wp:attachment":[{"href":"https:\/\/stmichel.re\/index.php?rest_route=%2Fwp%2Fv2%2Fmedia&parent=9088"}],"curies":[{"name":"wp","href":"https:\/\/api.w.org\/{rel}","templated":true}]}}