{"id":59,"date":"2012-04-04T07:18:33","date_gmt":"2012-04-04T04:18:33","guid":{"rendered":"http:\/\/stmichel.re\/wp_stm\/?page_id=59"},"modified":"2018-02-06T19:02:12","modified_gmt":"2018-02-06T15:02:12","slug":"options-et-enseignements","status":"publish","type":"page","link":"https:\/\/stmichel.re\/?page_id=59","title":{"rendered":"Options et enseignements"},"content":{"rendered":"<blockquote>\n<h1>Une organisation en 2&nbsp;cycles<strong>&nbsp;<\/strong><\/h1>\n<p><a href=\"http:\/\/stmichel.re\/wp_stm\/wp-content\/uploads\/2018\/02\/Parcours-scolaire-2018-19.pdf\">Parcours scolaire 2018-19<\/a><\/p><\/blockquote>\n<h2><strong>Le cycle 3&nbsp;:<\/strong><\/h2>\n<p>Le cycle 3, cycle de consolidation, regroupe les classes les classes de CM1, CM2 et 6<sup>\u00e8me<\/sup>. Ce cycle a la double responsabilit\u00e9 de consolider les apprentissages fondamentaux engag\u00e9s au cycle 2 et permettre une meilleure transition entre l\u2019\u00e9cole primaire et le coll\u00e8ge en assurant une continuit\u00e9 et une progressivit\u00e9 entre les trois ann\u00e9es du cycle.<\/p>\n<p><span style=\"color: #339966;\"><strong>12 classes de 6<sup>\u00e8me<\/sup>&nbsp;:<\/strong><\/span><\/p>\n<ul>\n<li>Une classe \u00e0 am\u00e9nagements p\u00e9dagogiques,<\/li>\n<li>Section bilangue anglais-allemand&nbsp;: 32 \u00e9l\u00e8ves (maximum) r\u00e9partis sur 2 classes,<\/li>\n<li>Section bilangue anglais-chinois&nbsp;: 32 \u00e9l\u00e8ves (maximum) r\u00e9partis sur 2 classes,<\/li>\n<li>Section bilangue anglais-espagnol&nbsp;: 32 \u00e9l\u00e8ves (maximum) r\u00e9partis sur 2 classes,<\/li>\n<li>Enseignement optionnel possible&nbsp;: latin (1h par semaine)<\/li>\n<\/ul>\n<p><strong>Accessibilit\u00e9 en section bilangue&nbsp;:<\/strong><\/p>\n<p>L\u2019\u00e9l\u00e8ve doit avoir suivi l\u2019enseignement d\u2019une langue vivante autre que l\u2019anglais et r\u00e9ussir le test linguistique (anglais + langue choisie&nbsp;: allemand, chinois ou espagnol) organis\u00e9 par le coll\u00e8ge vers le mois de mai.<\/p>\n<p><strong>A la fin du cycle 3&nbsp;<\/strong>: \u00e9valuation des degr\u00e9s de ma\u00eetrise des 8 composantes du socle commun.<\/p>\n<hr>\n<h2><strong>Le cycle 4&nbsp;:<\/strong><\/h2>\n<p>Le cycle 4, cycle des approfondissements, regroupe recouvre les classes de 5<sup>\u00e8me<\/sup>, 4<sup>\u00e8me<\/sup> et 3<sup>\u00e8me<\/sup>.<\/p>\n<p><span style=\"color: #339966;\"><strong>12 classes de 5<sup>\u00e8me<\/sup>&nbsp;:<\/strong><\/span><\/p>\n<ul>\n<li>Une classe \u00e0 am\u00e9nagements p\u00e9dagogiques,<\/li>\n<li>Section bilangue anglais-allemand&nbsp;: 32 \u00e9l\u00e8ves (maximum) r\u00e9partis sur 2 classes,<\/li>\n<li>Section bilangue anglais-chinois&nbsp;: 32 \u00e9l\u00e8ves (maximum) r\u00e9partis sur 2 classes,<\/li>\n<li>Section bilangue anglais-espagnol&nbsp;: 32 \u00e9l\u00e8ves (maximum) r\u00e9partis sur 2 classes,<\/li>\n<li>Enseignement de compl\u00e9ment&nbsp;: latin (2h par semaine) ,<\/li>\n<li>LV2 dispens\u00e9es&nbsp;: allemand, chinois ou espagnol (depuis la rentr\u00e9e 2016).<\/li>\n<\/ul>\n<p><span style=\"color: #339966;\"><strong>12 classes de 4<sup>\u00e8me<\/sup>&nbsp;:<\/strong><\/span><\/p>\n<ul>\n<li>Une classe \u00e0 am\u00e9nagements p\u00e9dagogiques,<\/li>\n<li>Section bilangue anglais-allemand&nbsp;: 32 \u00e9l\u00e8ves (maximum) r\u00e9partis sur 2 classes,<\/li>\n<li>Section bilangue anglais-chinois&nbsp;: 32 \u00e9l\u00e8ves (maximum) r\u00e9partis sur 2 classes,<\/li>\n<li>Section bilangue anglais-espagnol&nbsp;: 32 \u00e9l\u00e8ves (maximum) r\u00e9partis sur 2 classes,<\/li>\n<li>Enseignement de compl\u00e9ment&nbsp;: latin (3h par semaine),<\/li>\n<li>LV2 dispens\u00e9es&nbsp;: allemand, espagnol ou chinois (\u00e0 la rentr\u00e9e 2017).<\/li>\n<\/ul>\n<p><span style=\"color: #339966;\"><strong>12 classes de 3<sup>\u00e8me<\/sup>&nbsp;:<\/strong><\/span><\/p>\n<ul>\n<li>Une classe 3 PEP (Pr\u00e9paratoire \u00e0 l\u2019 Enseignement Professionnel),<\/li>\n<li>Section bilangue anglais-allemand&nbsp;: 32 \u00e9l\u00e8ves (maximum) r\u00e9partis sur 2 classes,<\/li>\n<li>Section bilangue anglais-chinois&nbsp;: 32 \u00e9l\u00e8ves (maximum) r\u00e9partis sur 2 classes,<\/li>\n<li>Section bilangue anglais-espagnol&nbsp;: 32 \u00e9l\u00e8ves (maximum) r\u00e9partis sur 2 classes,<\/li>\n<li>Enseignement de compl\u00e9ment&nbsp;: latin (2h par semaine) <strong>&amp;<\/strong> grec (1h par semaine),<\/li>\n<li>LV2 dispens\u00e9es&nbsp;: allemand, espagnol ou <u>chinois pr\u00e9vue pour&nbsp; la rentr\u00e9e 2018<\/u>.<\/li>\n<\/ul>\n<p><strong>A la fin du cycle 4<\/strong>&nbsp;: \u00e9valuation des degr\u00e9s de ma\u00eetrise des 8 composantes du socle commun.<\/p>\n","protected":false},"excerpt":{"rendered":"<p>Une organisation en 2&nbsp;cycles&nbsp; Parcours scolaire 2018-19 Le cycle 3&nbsp;: Le cycle 3, cycle de consolidation, regroupe les classes les classes de CM1, CM2 et 6\u00e8me. Ce cycle a la double responsabilit\u00e9 de consolider les apprentissages fondamentaux engag\u00e9s au cycle 2 et permettre une meilleure transition entre l\u2019\u00e9cole primaire et le coll\u00e8ge en assurant une &hellip; <\/p>\n<p class=\"link-more\"><a href=\"https:\/\/stmichel.re\/?page_id=59\" class=\"more-link\">Continuer la lecture<span class=\"screen-reader-text\"> de &laquo;&nbsp;Options et enseignements&nbsp;&raquo;<\/span><\/a><\/p>\n","protected":false},"author":197,"featured_media":2353,"parent":6,"menu_order":10,"comment_status":"closed","ping_status":"closed","template":"","meta":{"ngg_post_thumbnail":0,"footnotes":"","_links_to":"","_links_to_target":""},"class_list":["post-59","page","type-page","status-publish","has-post-thumbnail","hentry"],"_links":{"self":[{"href":"https:\/\/stmichel.re\/index.php?rest_route=\/wp\/v2\/pages\/59","targetHints":{"allow":["GET"]}}],"collection":[{"href":"https:\/\/stmichel.re\/index.php?rest_route=\/wp\/v2\/pages"}],"about":[{"href":"https:\/\/stmichel.re\/index.php?rest_route=\/wp\/v2\/types\/page"}],"author":[{"embeddable":true,"href":"https:\/\/stmichel.re\/index.php?rest_route=\/wp\/v2\/users\/197"}],"replies":[{"embeddable":true,"href":"https:\/\/stmichel.re\/index.php?rest_route=%2Fwp%2Fv2%2Fcomments&post=59"}],"version-history":[{"count":0,"href":"https:\/\/stmichel.re\/index.php?rest_route=\/wp\/v2\/pages\/59\/revisions"}],"up":[{"embeddable":true,"href":"https:\/\/stmichel.re\/index.php?rest_route=\/wp\/v2\/pages\/6"}],"wp:featuredmedia":[{"embeddable":true,"href":"https:\/\/stmichel.re\/index.php?rest_route=\/wp\/v2\/media\/2353"}],"wp:attachment":[{"href":"https:\/\/stmichel.re\/index.php?rest_route=%2Fwp%2Fv2%2Fmedia&parent=59"}],"curies":[{"name":"wp","href":"https:\/\/api.w.org\/{rel}","templated":true}]}}