{"id":471,"date":"2012-04-09T19:18:27","date_gmt":"2012-04-09T15:18:27","guid":{"rendered":"http:\/\/stmichel.re\/wp_stm\/?page_id=471"},"modified":"2017-07-19T13:09:30","modified_gmt":"2017-07-19T09:09:30","slug":"projet-educatif-lasallien","status":"publish","type":"page","link":"https:\/\/stmichel.re\/?page_id=471","title":{"rendered":"Le projet \u00e9ducatif Lasallien"},"content":{"rendered":"<h2 style=\"text-align: justify;\"><img loading=\"lazy\" decoding=\"async\" class=\"alignleft size-medium wp-image-473\" title=\"logo-lasalle\" src=\"http:\/\/stmichel.re\/wp_stm\/wp-content\/uploads\/2012\/04\/logo-lasalle-181x300.png\" alt=\"\" width=\"181\" height=\"300\" srcset=\"https:\/\/stmichel.re\/wp_stm\/wp-content\/uploads\/2012\/04\/logo-lasalle-181x300.png 181w, https:\/\/stmichel.re\/wp_stm\/wp-content\/uploads\/2012\/04\/logo-lasalle.png 412w\" sizes=\"auto, (max-width: 181px) 100vw, 181px\" \/><span style=\"color: #3366ff;\">Au service des jeunes<\/span><\/h2>\n<p style=\"text-align: justify;\">L&rsquo;\u00e9cole lasallienne place les enfants et les jeunes au centre de son organisation et de ses pr\u00e9occupations quotidiennes.<\/p>\n<p style=\"text-align: justify;\">C&rsquo;est pour eux, et d&rsquo;abord pour ceux qui \u00e9taient abandonn\u00e9s, que J.B. de La Salle a cr\u00e9\u00e9 ses \u00e9coles. L\u2019articulation entre la transmission de connaissances et de savoir-faire, l&rsquo;acquisition d&rsquo;un savoir-\u00eatre et le d\u00e9veloppement d&rsquo;une vie croyante inspir\u00e9e par l&rsquo;\u00c9vangile constituent sa raison d&rsquo;\u00eatre.<\/p>\n<h2 style=\"text-align: justify;\"><span style=\"color: #3366ff;\">Ensemble et par association<\/span><\/h2>\n<p style=\"text-align: justify;\">L&rsquo;\u00e9ducation est toujours une \u0153uvre collective. Tous les membres de la communaut\u00e9 scolaire se rassemblent autour d&rsquo;un objectif commun : la mise en oeuvre du projet d&rsquo;\u00e9tablissement. Ils s&rsquo;en donnent les moyens et \u00e9valuent les r\u00e9sultats de leur action. Le r\u00e9seau Lasallien (150 \u00e9tablissements en France, 1.000 dans le monde) est \u00e9galement une source tr\u00e8s enrichissante d\u2019\u00e9changes.<\/p>\n<h2 style=\"text-align: justify;\"><span style=\"color: #3366ff;\">Construire l&rsquo;Homme et dire Dieu<\/span><\/h2>\n<p style=\"text-align: justify;\">Dans son action \u00e9ducative, l&rsquo;\u00e9cole lasallienne cherche \u00e0 conjuguer l&rsquo;effort de progr\u00e8s culturel et humain avec l&rsquo;annonce de la bonne Nouvelle de J\u00e9sus-Christ : \u00ab\u00a0Je suis venu pour que les hommes aient la vie et qu&rsquo;ils l&rsquo;aient en abondance.\u00a0\u00bb&nbsp;(Jn 10,10).<\/p>\n<p style=\"text-align: justify;\">C&rsquo;est ainsi que, selon l&rsquo;expression de Jean-Baptiste de La Salle, elle s&rsquo;efforce en tant qu&rsquo;institution d&rsquo;\u00eatre \u00ab\u00a0moyen de salut\u00a0\u00bb pour les jeunes en dispensant une \u00e9ducation humaine et chr\u00e9tienne de qualit\u00e9.<\/p>\n<p style=\"text-align: justify;\">&nbsp;<\/p>\n","protected":false},"excerpt":{"rendered":"<p>Au service des jeunes L&rsquo;\u00e9cole lasallienne place les enfants et les jeunes au centre de son organisation et de ses pr\u00e9occupations quotidiennes. C&rsquo;est pour eux, et d&rsquo;abord pour ceux qui \u00e9taient abandonn\u00e9s, que J.B. de La Salle a cr\u00e9\u00e9 ses \u00e9coles. L\u2019articulation entre la transmission de connaissances et de savoir-faire, l&rsquo;acquisition d&rsquo;un savoir-\u00eatre et le &hellip; <\/p>\n<p class=\"link-more\"><a href=\"https:\/\/stmichel.re\/?page_id=471\" class=\"more-link\">Continuer la lecture<span class=\"screen-reader-text\"> de &laquo;&nbsp;Le projet \u00e9ducatif Lasallien&nbsp;&raquo;<\/span><\/a><\/p>\n","protected":false},"author":197,"featured_media":2359,"parent":8,"menu_order":30,"comment_status":"closed","ping_status":"closed","template":"","meta":{"ngg_post_thumbnail":0,"footnotes":"","_links_to":"","_links_to_target":""},"class_list":["post-471","page","type-page","status-publish","has-post-thumbnail","hentry"],"_links":{"self":[{"href":"https:\/\/stmichel.re\/index.php?rest_route=\/wp\/v2\/pages\/471","targetHints":{"allow":["GET"]}}],"collection":[{"href":"https:\/\/stmichel.re\/index.php?rest_route=\/wp\/v2\/pages"}],"about":[{"href":"https:\/\/stmichel.re\/index.php?rest_route=\/wp\/v2\/types\/page"}],"author":[{"embeddable":true,"href":"https:\/\/stmichel.re\/index.php?rest_route=\/wp\/v2\/users\/197"}],"replies":[{"embeddable":true,"href":"https:\/\/stmichel.re\/index.php?rest_route=%2Fwp%2Fv2%2Fcomments&post=471"}],"version-history":[{"count":0,"href":"https:\/\/stmichel.re\/index.php?rest_route=\/wp\/v2\/pages\/471\/revisions"}],"up":[{"embeddable":true,"href":"https:\/\/stmichel.re\/index.php?rest_route=\/wp\/v2\/pages\/8"}],"wp:featuredmedia":[{"embeddable":true,"href":"https:\/\/stmichel.re\/index.php?rest_route=\/wp\/v2\/media\/2359"}],"wp:attachment":[{"href":"https:\/\/stmichel.re\/index.php?rest_route=%2Fwp%2Fv2%2Fmedia&parent=471"}],"curies":[{"name":"wp","href":"https:\/\/api.w.org\/{rel}","templated":true}]}}

Le projet éducatif Lasallien

<h2 style="text-align: justify;"><img loading="lazy" decoding="async" class="alignleft size-medium wp-image-473" title="logo-lasalle" src="http://stmichel.re/wp_stm/wp-content/uploads/2012/04/logo-lasalle-181x300.png" alt="" width="181" height="300" srcset="https://stmichel.re/wp_stm/wp-content/uploads/2012/04/logo-lasalle-181x300.png 181w, https://stmichel.re/wp_stm/wp-content/uploads/2012/04/logo-lasalle.png 412w" sizes="auto, (max-width: 181px) 100vw, 181px" /><span style="color: #3366ff;">Au service des jeunes</span></h2>
<p style="text-align: justify;">L&rsquo;école lasallienne place les enfants et les jeunes au centre de son organisation et de ses préoccupations quotidiennes.</p>
<p style="text-align: justify;">C&rsquo;est pour eux, et d&rsquo;abord pour ceux qui étaient abandonnés, que J.B. de La Salle a créé ses écoles. L’articulation entre la transmission de connaissances et de savoir-faire, l&rsquo;acquisition d&rsquo;un savoir-être et le développement d&rsquo;une vie croyante inspirée par l&rsquo;Évangile constituent sa raison d&rsquo;être.</p>
<h2 style="text-align: justify;"><span style="color: #3366ff;">Ensemble et par association</span></h2>
<p style="text-align: justify;">L&rsquo;éducation est toujours une œuvre collective. Tous les membres de la communauté scolaire se rassemblent autour d&rsquo;un objectif commun : la mise en oeuvre du projet d&rsquo;établissement. Ils s&rsquo;en donnent les moyens et évaluent les résultats de leur action. Le réseau Lasallien (150 établissements en France, 1.000 dans le monde) est également une source très enrichissante d’échanges.</p>
<h2 style="text-align: justify;"><span style="color: #3366ff;">Construire l&rsquo;Homme et dire Dieu</span></h2>
<p style="text-align: justify;">Dans son action éducative, l&rsquo;école lasallienne cherche à conjuguer l&rsquo;effort de progrès culturel et humain avec l&rsquo;annonce de la bonne Nouvelle de Jésus-Christ : « Je suis venu pour que les hommes aient la vie et qu&rsquo;ils l&rsquo;aient en abondance. »&nbsp;(Jn 10,10).</p>
<p style="text-align: justify;">C&rsquo;est ainsi que, selon l&rsquo;expression de Jean-Baptiste de La Salle, elle s&rsquo;efforce en tant qu&rsquo;institution d&rsquo;être « moyen de salut » pour les jeunes en dispensant une éducation humaine et chrétienne de qualité.</p>
<p style="text-align: justify;">&nbsp;</p>

<p>Au service des jeunes L&rsquo;école lasallienne place les enfants et les jeunes au centre de son organisation et de ses préoccupations quotidiennes. C&rsquo;est pour eux, et d&rsquo;abord pour ceux qui étaient abandonnés, que J.B. de La Salle a créé ses écoles. L’articulation entre la transmission de connaissances et de savoir-faire, l&rsquo;acquisition d&rsquo;un savoir-être et le &hellip; </p>
<p class="link-more"><a href="https://stmichel.re/?page_id=471" class="more-link">Continuer la lecture<span class="screen-reader-text"> de &laquo;&nbsp;Le projet éducatif Lasallien&nbsp;&raquo;</span></a></p>
