{"id":3618,"date":"2014-02-22T08:03:09","date_gmt":"2014-02-22T04:03:09","guid":{"rendered":"http:\/\/stmichel.re\/?page_id=3618"},"modified":"2021-09-01T08:25:22","modified_gmt":"2021-09-01T04:25:22","slug":"vacances-scolaires","status":"publish","type":"page","link":"https:\/\/stmichel.re\/?page_id=3618","title":{"rendered":"Calendrier scolaire"},"content":{"rendered":"<p>Le Rectorat communique les dates des vacances scolaires&nbsp;:<\/p>\n<p><span style=\"color: #999999;\">Le d\u00e9part en vacances a lieu le jour indiqu\u00e9 apr\u00e8s la derni\u00e8re heure de cours.<\/span><br><span style=\"color: #999999;\">La reprise des cours a lieu le matin des jours indiqu\u00e9s.<\/span><\/p>\n\n\n<figure class=\"wp-block-image size-large\"><a href=\"http:\/\/stmichel.re\/wp_stm\/wp-content\/uploads\/2021\/03\/Capture-de\u0301cran-2021-03-30-a\u0300-16.28.57.png\"><img loading=\"lazy\" decoding=\"async\" width=\"1200\" height=\"394\" src=\"http:\/\/stmichel.re\/wp_stm\/wp-content\/uploads\/2021\/03\/Capture-de\u0301cran-2021-03-30-a\u0300-16.28.57-1200x394.png\" alt=\"\" class=\"wp-image-14822\" srcset=\"https:\/\/stmichel.re\/wp_stm\/wp-content\/uploads\/2021\/03\/Capture-de\u0301cran-2021-03-30-a\u0300-16.28.57-1200x394.png 1200w, https:\/\/stmichel.re\/wp_stm\/wp-content\/uploads\/2021\/03\/Capture-de\u0301cran-2021-03-30-a\u0300-16.28.57-300x98.png 300w, https:\/\/stmichel.re\/wp_stm\/wp-content\/uploads\/2021\/03\/Capture-de\u0301cran-2021-03-30-a\u0300-16.28.57-768x252.png 768w, https:\/\/stmichel.re\/wp_stm\/wp-content\/uploads\/2021\/03\/Capture-de\u0301cran-2021-03-30-a\u0300-16.28.57-1320x433.png 1320w, https:\/\/stmichel.re\/wp_stm\/wp-content\/uploads\/2021\/03\/Capture-de\u0301cran-2021-03-30-a\u0300-16.28.57.png 1384w\" sizes=\"auto, (max-width: 767px) 89vw, (max-width: 1000px) 54vw, (max-width: 1071px) 543px, 580px\" \/><\/a><\/figure>\n","protected":false},"excerpt":{"rendered":"<p>Le Rectorat communique les dates des vacances scolaires&nbsp;: Le d\u00e9part en vacances a lieu le jour indiqu\u00e9 apr\u00e8s la derni\u00e8re heure de cours.La reprise des cours a lieu le matin des jours indiqu\u00e9s.<\/p>\n","protected":false},"author":197,"featured_media":0,"parent":6,"menu_order":20,"comment_status":"closed","ping_status":"open","template":"","meta":{"ngg_post_thumbnail":0,"footnotes":"","_links_to":"","_links_to_target":""},"class_list":["post-3618","page","type-page","status-publish","hentry"],"_links":{"self":[{"href":"https:\/\/stmichel.re\/index.php?rest_route=\/wp\/v2\/pages\/3618","targetHints":{"allow":["GET"]}}],"collection":[{"href":"https:\/\/stmichel.re\/index.php?rest_route=\/wp\/v2\/pages"}],"about":[{"href":"https:\/\/stmichel.re\/index.php?rest_route=\/wp\/v2\/types\/page"}],"author":[{"embeddable":true,"href":"https:\/\/stmichel.re\/index.php?rest_route=\/wp\/v2\/users\/197"}],"replies":[{"embeddable":true,"href":"https:\/\/stmichel.re\/index.php?rest_route=%2Fwp%2Fv2%2Fcomments&post=3618"}],"version-history":[{"count":0,"href":"https:\/\/stmichel.re\/index.php?rest_route=\/wp\/v2\/pages\/3618\/revisions"}],"up":[{"embeddable":true,"href":"https:\/\/stmichel.re\/index.php?rest_route=\/wp\/v2\/pages\/6"}],"wp:attachment":[{"href":"https:\/\/stmichel.re\/index.php?rest_route=%2Fwp%2Fv2%2Fmedia&parent=3618"}],"curies":[{"name":"wp","href":"https:\/\/api.w.org\/{rel}","templated":true}]}}

<p>Le Rectorat communique les dates des vacances scolaires&nbsp;:</p>
<p><span style="color: #999999;">Le départ en vacances a lieu le jour indiqué après la dernière heure de cours.</span><br><span style="color: #999999;">La reprise des cours a lieu le matin des jours indiqués.</span></p>


<figure class="wp-block-image size-large"><a href="http://stmichel.re/wp_stm/wp-content/uploads/2021/03/Capture-décran-2021-03-30-à-16.28.57.png"><img loading="lazy" decoding="async" width="1200" height="394" src="http://stmichel.re/wp_stm/wp-content/uploads/2021/03/Capture-décran-2021-03-30-à-16.28.57-1200x394.png" alt="" class="wp-image-14822" srcset="https://stmichel.re/wp_stm/wp-content/uploads/2021/03/Capture-décran-2021-03-30-à-16.28.57-1200x394.png 1200w, https://stmichel.re/wp_stm/wp-content/uploads/2021/03/Capture-décran-2021-03-30-à-16.28.57-300x98.png 300w, https://stmichel.re/wp_stm/wp-content/uploads/2021/03/Capture-décran-2021-03-30-à-16.28.57-768x252.png 768w, https://stmichel.re/wp_stm/wp-content/uploads/2021/03/Capture-décran-2021-03-30-à-16.28.57-1320x433.png 1320w, https://stmichel.re/wp_stm/wp-content/uploads/2021/03/Capture-décran-2021-03-30-à-16.28.57.png 1384w" sizes="auto, (max-width: 767px) 89vw, (max-width: 1000px) 54vw, (max-width: 1071px) 543px, 580px" /></a></figure>

<p>Le Rectorat communique les dates des vacances scolaires&nbsp;: Le départ en vacances a lieu le jour indiqué après la dernière heure de cours.La reprise des cours a lieu le matin des jours indiqués.</p>
