{"id":14602,"date":"2020-07-02T17:18:18","date_gmt":"2020-07-02T13:18:18","guid":{"rendered":"http:\/\/stmichel.re\/?page_id=14602"},"modified":"2020-07-02T17:45:52","modified_gmt":"2020-07-02T13:45:52","slug":"conseils-de-revisions-rentree-en-5eme-4eme","status":"publish","type":"page","link":"https:\/\/stmichel.re\/?page_id=14602","title":{"rendered":"Conseils de r\u00e9visions &#8211; Rentr\u00e9e en 5\u00e8me \/ 4\u00e8me"},"content":{"rendered":"\n<p><span style=\"color: #3366ff;\"><strong>Je pr\u00e9pare ma rentr\u00e9e en 5\u00e8me :<\/strong><\/span><\/p>\n\n\n\n<div class=\"wp-block-file\"><a href=\"http:\/\/stmichel.re\/wp_stm\/wp-content\/uploads\/2020\/07\/Francais.pdf\">Fran\u00e7ais<\/a><a href=\"http:\/\/stmichel.re\/wp_stm\/wp-content\/uploads\/2020\/07\/Francais.pdf\" class=\"wp-block-file__button\" download>T\u00e9l\u00e9charger<\/a><\/div>\n\n\n\n<div class=\"wp-block-file\"><a href=\"http:\/\/stmichel.re\/wp_stm\/wp-content\/uploads\/2020\/07\/Histoire-1.pdf\">Histoire<\/a><a href=\"http:\/\/stmichel.re\/wp_stm\/wp-content\/uploads\/2020\/07\/Histoire-1.pdf\" class=\"wp-block-file__button\" download>T\u00e9l\u00e9charger<\/a><\/div>\n\n\n\n<div class=\"wp-block-file\"><a href=\"http:\/\/stmichel.re\/wp_stm\/wp-content\/uploads\/2020\/07\/Geographie-1.pdf\">G\u00e9ographie<\/a><a href=\"http:\/\/stmichel.re\/wp_stm\/wp-content\/uploads\/2020\/07\/Geographie-1.pdf\" class=\"wp-block-file__button\" download>T\u00e9l\u00e9charger<\/a><\/div>\n\n\n\n<div class=\"wp-block-file\"><a href=\"http:\/\/stmichel.re\/wp_stm\/wp-content\/uploads\/2020\/07\/Mathematiques-1.pdf\">Math\u00e9matiques<\/a><a href=\"http:\/\/stmichel.re\/wp_stm\/wp-content\/uploads\/2020\/07\/Mathematiques-1.pdf\" class=\"wp-block-file__button\" download>T\u00e9l\u00e9charger<\/a><\/div>\n\n\n\n<div class=\"wp-block-file\"><a href=\"http:\/\/stmichel.re\/wp_stm\/wp-content\/uploads\/2020\/07\/Topo-anglais-1.pdf\">Anglais<\/a><a href=\"http:\/\/stmichel.re\/wp_stm\/wp-content\/uploads\/2020\/07\/Topo-anglais-1.pdf\" class=\"wp-block-file__button\" download>T\u00e9l\u00e9charger<\/a><\/div>\n\n\n\n<hr class=\"wp-block-separator\"\/>\n\n\n\n<p><span style=\"color: #ff0000;\"><strong>Je pr\u00e9pare ma rentr\u00e9e en 4\u00e8me :<\/strong><\/span><\/p>\n\n\n\n<div class=\"wp-block-file\"><a href=\"http:\/\/stmichel.re\/wp_stm\/wp-content\/uploads\/2020\/07\/Francais-1.pdf\">Fran\u00e7ais<\/a><a href=\"http:\/\/stmichel.re\/wp_stm\/wp-content\/uploads\/2020\/07\/Francais-1.pdf\" class=\"wp-block-file__button\" download>T\u00e9l\u00e9charger<\/a><\/div>\n\n\n\n<div class=\"wp-block-file\"><a href=\"http:\/\/stmichel.re\/wp_stm\/wp-content\/uploads\/2020\/07\/Bilan-5eme-Histoire-1.pdf\">Histoire<\/a><a href=\"http:\/\/stmichel.re\/wp_stm\/wp-content\/uploads\/2020\/07\/Bilan-5eme-Histoire-1.pdf\" class=\"wp-block-file__button\" download>T\u00e9l\u00e9charger<\/a><\/div>\n\n\n\n<div class=\"wp-block-file\"><a href=\"http:\/\/stmichel.re\/wp_stm\/wp-content\/uploads\/2020\/07\/Geographie-2.pdf\">G\u00e9ographie<\/a><a href=\"http:\/\/stmichel.re\/wp_stm\/wp-content\/uploads\/2020\/07\/Geographie-2.pdf\" class=\"wp-block-file__button\" download>T\u00e9l\u00e9charger<\/a><\/div>\n\n\n\n<div class=\"wp-block-file\"><a href=\"http:\/\/stmichel.re\/wp_stm\/wp-content\/uploads\/2020\/07\/Mathematiques-2.pdf\">Math\u00e9matiques<\/a><a href=\"http:\/\/stmichel.re\/wp_stm\/wp-content\/uploads\/2020\/07\/Mathematiques-2.pdf\" class=\"wp-block-file__button\" download>T\u00e9l\u00e9charger<\/a><\/div>\n\n\n\n<div class=\"wp-block-file\"><a href=\"http:\/\/stmichel.re\/wp_stm\/wp-content\/uploads\/2020\/07\/Topo-anglais-2.pdf\">Anglais<\/a><a href=\"http:\/\/stmichel.re\/wp_stm\/wp-content\/uploads\/2020\/07\/Topo-anglais-2.pdf\" class=\"wp-block-file__button\" download>T\u00e9l\u00e9charger<\/a><\/div>\n","protected":false},"excerpt":{"rendered":"<p>Je pr\u00e9pare ma rentr\u00e9e en 5\u00e8me : Je pr\u00e9pare ma rentr\u00e9e en 4\u00e8me :<\/p>\n","protected":false},"author":197,"featured_media":0,"parent":0,"menu_order":0,"comment_status":"closed","ping_status":"closed","template":"","meta":{"ngg_post_thumbnail":0,"footnotes":"","_links_to":"","_links_to_target":""},"class_list":["post-14602","page","type-page","status-publish","hentry"],"_links":{"self":[{"href":"https:\/\/stmichel.re\/index.php?rest_route=\/wp\/v2\/pages\/14602","targetHints":{"allow":["GET"]}}],"collection":[{"href":"https:\/\/stmichel.re\/index.php?rest_route=\/wp\/v2\/pages"}],"about":[{"href":"https:\/\/stmichel.re\/index.php?rest_route=\/wp\/v2\/types\/page"}],"author":[{"embeddable":true,"href":"https:\/\/stmichel.re\/index.php?rest_route=\/wp\/v2\/users\/197"}],"replies":[{"embeddable":true,"href":"https:\/\/stmichel.re\/index.php?rest_route=%2Fwp%2Fv2%2Fcomments&post=14602"}],"version-history":[{"count":0,"href":"https:\/\/stmichel.re\/index.php?rest_route=\/wp\/v2\/pages\/14602\/revisions"}],"wp:attachment":[{"href":"https:\/\/stmichel.re\/index.php?rest_route=%2Fwp%2Fv2%2Fmedia&parent=14602"}],"curies":[{"name":"wp","href":"https:\/\/api.w.org\/{rel}","templated":true}]}}