{"id":13164,"date":"2019-03-02T15:13:11","date_gmt":"2019-03-02T11:13:11","guid":{"rendered":"http:\/\/stmichel.re\/?page_id=13164"},"modified":"2019-03-02T15:13:12","modified_gmt":"2019-03-02T11:13:12","slug":"le-sport-au-college","status":"publish","type":"page","link":"https:\/\/stmichel.re\/?page_id=13164","title":{"rendered":"Le sport au coll\u00e8ge"},"content":{"rendered":"\n<p>Retrouvez dans cette page les articles concernant le sport au coll\u00e8ge&#8230;<\/p>\n\n\n\n\n<div class=\"su-posts su-posts-default-loop \">\n\n\t\n\t\t\t\t\t\n\t\t\t\n\t\t\t<div id=\"su-post-14903\" class=\"su-post \">\n\n\t\t\t\t\t\t\t\t\t<a class=\"su-post-thumbnail\" href=\"https:\/\/stmichel.re\/?p=14903\"><img loading=\"lazy\" decoding=\"async\" width=\"550\" height=\"295\" src=\"https:\/\/stmichel.re\/wp_stm\/wp-content\/uploads\/2021\/06\/stade-en-eaux-vives.jpeg\" class=\"attachment-post-thumbnail size-post-thumbnail wp-post-image\" alt=\"\" srcset=\"https:\/\/stmichel.re\/wp_stm\/wp-content\/uploads\/2021\/06\/stade-en-eaux-vives.jpeg 550w, https:\/\/stmichel.re\/wp_stm\/wp-content\/uploads\/2021\/06\/stade-en-eaux-vives-300x161.jpeg 300w\" sizes=\"auto, 100vw\" \/><\/a>\n\t\t\t\t\n\t\t\t\t<h2 class=\"su-post-title\"><a href=\"https:\/\/stmichel.re\/?p=14903\">Les 5\u00e8me G au stade en eaux vives<\/a><\/h2>\n\n\t\t\t\t<div class=\"su-post-meta\">\n\t\t\t\t\tPubli\u00e9: 5 juillet 2021\t\t\t\t<\/div>\n\n\t\t\t\t<div class=\"su-post-excerpt\">\n\t\t\t\t\t<p>Le jeudi 24 juin, \u00e0 l&rsquo;initiative de leur professeure d&rsquo;EPS Mme Vergne, les \u00e9l\u00e8ves de 5\u00e8me G ont pass\u00e9 un moment tr\u00e8s agr\u00e9able au Stade en eaux vives de Ste Suzanne, afin de f\u00eater dignement l&rsquo;ann\u00e9e scolaire. Mais voyez plut\u00f4t&#8230;<\/p>\n\t\t\t\t<\/div>\n\n\t\t\t\t\n\t\t\t<\/div>\n\n\t\t\t\t\t\n\t\t\t\n\t\t\t<div id=\"su-post-14172\" class=\"su-post \">\n\n\t\t\t\t\t\t\t\t\t<a class=\"su-post-thumbnail\" href=\"https:\/\/stmichel.re\/?p=14172\"><img loading=\"lazy\" decoding=\"async\" width=\"948\" height=\"349\" src=\"https:\/\/stmichel.re\/wp_stm\/wp-content\/uploads\/2019\/10\/IMG_3504-1.jpg\" class=\"attachment-post-thumbnail size-post-thumbnail wp-post-image\" alt=\"\" srcset=\"https:\/\/stmichel.re\/wp_stm\/wp-content\/uploads\/2019\/10\/IMG_3504-1.jpg 948w, https:\/\/stmichel.re\/wp_stm\/wp-content\/uploads\/2019\/10\/IMG_3504-1-300x110.jpg 300w, https:\/\/stmichel.re\/wp_stm\/wp-content\/uploads\/2019\/10\/IMG_3504-1-768x283.jpg 768w\" sizes=\"auto, 100vw\" \/><\/a>\n\t\t\t\t\n\t\t\t\t<h2 class=\"su-post-title\"><a href=\"https:\/\/stmichel.re\/?p=14172\">Cross 2019 &#8211; La vid\u00e9o<\/a><\/h2>\n\n\t\t\t\t<div class=\"su-post-meta\">\n\t\t\t\t\tPubli\u00e9: 5 octobre 2019\t\t\t\t<\/div>\n\n\t\t\t\t<div class=\"su-post-excerpt\">\n\t\t\t\t\t<p>La voici la voil\u00e0<\/p>\n\t\t\t\t<\/div>\n\n\t\t\t\t\t\t\t\t\t<a href=\"https:\/\/stmichel.re\/?p=14172#comments\" class=\"su-post-comments-link\">4 comments<\/a>\n\t\t\t\t\n\t\t\t<\/div>\n\n\t\t\t\t\t\n\t\t\t\n\t\t\t<div id=\"su-post-13961\" class=\"su-post \">\n\n\t\t\t\t\t\t\t\t\t<a class=\"su-post-thumbnail\" href=\"https:\/\/stmichel.re\/?p=13961\"><img loading=\"lazy\" decoding=\"async\" width=\"1010\" height=\"449\" src=\"https:\/\/stmichel.re\/wp_stm\/wp-content\/uploads\/2019\/10\/IMG_3490-1.jpg\" class=\"attachment-post-thumbnail size-post-thumbnail wp-post-image\" alt=\"\" srcset=\"https:\/\/stmichel.re\/wp_stm\/wp-content\/uploads\/2019\/10\/IMG_3490-1.jpg 1010w, https:\/\/stmichel.re\/wp_stm\/wp-content\/uploads\/2019\/10\/IMG_3490-1-300x133.jpg 300w, https:\/\/stmichel.re\/wp_stm\/wp-content\/uploads\/2019\/10\/IMG_3490-1-768x341.jpg 768w\" sizes=\"auto, 100vw\" \/><\/a>\n\t\t\t\t\n\t\t\t\t<h2 class=\"su-post-title\"><a href=\"https:\/\/stmichel.re\/?p=13961\">Cross 2019 &#8211; Les photos<\/a><\/h2>\n\n\t\t\t\t<div class=\"su-post-meta\">\n\t\t\t\t\tPubli\u00e9: 4 octobre 2019\t\t\t\t<\/div>\n\n\t\t\t\t<div class=\"su-post-excerpt\">\n\t\t\t\t\t<p>Retrouvez, pour votre plus grand plaisir, des dizaines de photos de cette journ\u00e9e du 04 octobre consacr\u00e9e au cross du coll\u00e8ge&#8230; Avec en prime la bande annonce du film qui sortira bient\u00f4t A noter l&rsquo;action men\u00e9e par Kevin Hoarau le jour du cross.&nbsp; Il a pris l&rsquo;initiative de remplacer la distribution de 1.400 petites bouteilles &hellip; <\/p>\n<p class=\"link-more\"><a href=\"https:\/\/stmichel.re\/?p=13961\" class=\"more-link\">Continuer la lecture<span class=\"screen-reader-text\"> de &laquo;&nbsp;Cross 2019 &#8211; Les photos&nbsp;&raquo;<\/span><\/a><\/p>\n\t\t\t\t<\/div>\n\n\t\t\t\t\t\t\t\t\t<a href=\"https:\/\/stmichel.re\/?p=13961#respond\" class=\"su-post-comments-link\">0 commentaire<\/a>\n\t\t\t\t\n\t\t\t<\/div>\n\n\t\t\t\t\t\n\t\t\t\n\t\t\t<div id=\"su-post-13462\" class=\"su-post \">\n\n\t\t\t\t\t\t\t\t\t<a class=\"su-post-thumbnail\" href=\"https:\/\/stmichel.re\/?p=13462\"><img loading=\"lazy\" decoding=\"async\" width=\"1024\" height=\"338\" src=\"https:\/\/stmichel.re\/wp_stm\/wp-content\/uploads\/2019\/06\/Ile_de_La_Re\u0301union_-_Piton_de_la_Fournaise.jpg\" class=\"attachment-post-thumbnail size-post-thumbnail wp-post-image\" alt=\"\" srcset=\"https:\/\/stmichel.re\/wp_stm\/wp-content\/uploads\/2019\/06\/Ile_de_La_Re\u0301union_-_Piton_de_la_Fournaise.jpg 1024w, https:\/\/stmichel.re\/wp_stm\/wp-content\/uploads\/2019\/06\/Ile_de_La_Re\u0301union_-_Piton_de_la_Fournaise-300x99.jpg 300w, https:\/\/stmichel.re\/wp_stm\/wp-content\/uploads\/2019\/06\/Ile_de_La_Re\u0301union_-_Piton_de_la_Fournaise-768x254.jpg 768w, https:\/\/stmichel.re\/wp_stm\/wp-content\/uploads\/2019\/06\/Ile_de_La_Re\u0301union_-_Piton_de_la_Fournaise-600x198.jpg 600w\" sizes=\"auto, 100vw\" \/><\/a>\n\t\t\t\t\n\t\t\t\t<h2 class=\"su-post-title\"><a href=\"https:\/\/stmichel.re\/?p=13462\">Classes \u00ab\u00a0Rando\u00a0\u00bb<\/a><\/h2>\n\n\t\t\t\t<div class=\"su-post-meta\">\n\t\t\t\t\tPubli\u00e9: 18 juin 2019\t\t\t\t<\/div>\n\n\t\t\t\t<div class=\"su-post-excerpt\">\n\t\t\t\t\t<p>Ce lundi 27 mai venait cl\u00f4turer le projet annuel intitul\u00e9 \u00ab\u00a0classes Rando\u00a0\u00bb, organis\u00e9 par deux professeurs d&rsquo;EPS accompagn\u00e9s d&rsquo;une professeure de SVT, pour les classes de 5\u00e8me A et 4\u00e8me A.<\/p>\n\t\t\t\t<\/div>\n\n\t\t\t\t\n\t\t\t<\/div>\n\n\t\t\t\t\t\n\t\t\t\n\t\t\t<div id=\"su-post-13440\" class=\"su-post \">\n\n\t\t\t\t\t\t\t\t\t<a class=\"su-post-thumbnail\" href=\"https:\/\/stmichel.re\/?p=13440\"><img loading=\"lazy\" decoding=\"async\" width=\"3868\" height=\"1700\" src=\"https:\/\/stmichel.re\/wp_stm\/wp-content\/uploads\/2019\/05\/P_20190501_093808.jpg\" class=\"attachment-post-thumbnail size-post-thumbnail wp-post-image\" alt=\"\" srcset=\"https:\/\/stmichel.re\/wp_stm\/wp-content\/uploads\/2019\/05\/P_20190501_093808.jpg 3868w, https:\/\/stmichel.re\/wp_stm\/wp-content\/uploads\/2019\/05\/P_20190501_093808-300x132.jpg 300w, https:\/\/stmichel.re\/wp_stm\/wp-content\/uploads\/2019\/05\/P_20190501_093808-768x338.jpg 768w, https:\/\/stmichel.re\/wp_stm\/wp-content\/uploads\/2019\/05\/P_20190501_093808-1200x527.jpg 1200w, https:\/\/stmichel.re\/wp_stm\/wp-content\/uploads\/2019\/05\/P_20190501_093808-600x264.jpg 600w\" sizes=\"auto, 100vw\" \/><\/a>\n\t\t\t\t\n\t\t\t\t<h2 class=\"su-post-title\"><a href=\"https:\/\/stmichel.re\/?p=13440\">S\u00e9jour sportif \u00e0 Rodrigues<\/a><\/h2>\n\n\t\t\t\t<div class=\"su-post-meta\">\n\t\t\t\t\tPubli\u00e9: 28 mai 2019\t\t\t\t<\/div>\n\n\t\t\t\t<div class=\"su-post-excerpt\">\n\t\t\t\t\t<p>Dans le cadre de l\u2019association sportive du coll\u00e8ge, nous avons organis\u00e9 pour la seconde fois un s\u00e9jour sportif sur la th\u00e9matique \u00ab&nbsp;activit\u00e9s nautiques et de pleine nature \u00bb sur l\u2019\u00eele de Rodrigues. Ce s\u00e9jour avait pour vocation de faire d\u00e9couvrir aux enfants la pratique d\u2019un nouveau sport, puisque l\u2019activit\u00e9 principale \u00e9tait un stage de kite-surf, &hellip; <\/p>\n<p class=\"link-more\"><a href=\"https:\/\/stmichel.re\/?p=13440\" class=\"more-link\">Continuer la lecture<span class=\"screen-reader-text\"> de &laquo;&nbsp;S\u00e9jour sportif \u00e0 Rodrigues&nbsp;&raquo;<\/span><\/a><\/p>\n\t\t\t\t<\/div>\n\n\t\t\t\t\t\t\t\t\t<a href=\"https:\/\/stmichel.re\/?p=13440#comments\" class=\"su-post-comments-link\">1 commentaire<\/a>\n\t\t\t\t\n\t\t\t<\/div>\n\n\t\t\t\t\t\n\t\t\t\n\t\t\t<div id=\"su-post-13278\" class=\"su-post \">\n\n\t\t\t\t\t\t\t\t\t<a class=\"su-post-thumbnail\" href=\"https:\/\/stmichel.re\/?p=13278\"><img loading=\"lazy\" decoding=\"async\" width=\"3774\" height=\"1386\" src=\"https:\/\/stmichel.re\/wp_stm\/wp-content\/uploads\/2019\/04\/IMG_7408.jpg\" class=\"attachment-post-thumbnail size-post-thumbnail wp-post-image\" alt=\"\" srcset=\"https:\/\/stmichel.re\/wp_stm\/wp-content\/uploads\/2019\/04\/IMG_7408.jpg 3774w, https:\/\/stmichel.re\/wp_stm\/wp-content\/uploads\/2019\/04\/IMG_7408-300x110.jpg 300w, https:\/\/stmichel.re\/wp_stm\/wp-content\/uploads\/2019\/04\/IMG_7408-768x282.jpg 768w, https:\/\/stmichel.re\/wp_stm\/wp-content\/uploads\/2019\/04\/IMG_7408-1200x441.jpg 1200w, https:\/\/stmichel.re\/wp_stm\/wp-content\/uploads\/2019\/04\/IMG_7408-600x220.jpg 600w\" sizes=\"auto, 100vw\" \/><\/a>\n\t\t\t\t\n\t\t\t\t<h2 class=\"su-post-title\"><a href=\"https:\/\/stmichel.re\/?p=13278\">Relais pour la vie 2019<\/a><\/h2>\n\n\t\t\t\t<div class=\"su-post-meta\">\n\t\t\t\t\tPubli\u00e9: 16 avril 2019\t\t\t\t<\/div>\n\n\t\t\t\t<div class=\"su-post-excerpt\">\n\t\t\t\t\t<p>Samedi 06 et dimanche 07 avril 2019, le coll\u00e8ge La Salle Saint Michel a particip\u00e9 \u00e0 la 12\u00e8me \u00e9dition du Relais Pour La Vie organis\u00e9e par La ligue contre le cancer sur le champ de foire de Bras-Panon.<\/p>\n\t\t\t\t<\/div>\n\n\t\t\t\t\t\t\t\t\t<a href=\"https:\/\/stmichel.re\/?p=13278#respond\" class=\"su-post-comments-link\">0 commentaire<\/a>\n\t\t\t\t\n\t\t\t<\/div>\n\n\t\t\t\t\t\n\t\t\t\n\t\t\t<div id=\"su-post-12864\" class=\"su-post \">\n\n\t\t\t\t\t\t\t\t\t<a class=\"su-post-thumbnail\" href=\"https:\/\/stmichel.re\/?p=12864\"><img loading=\"lazy\" decoding=\"async\" width=\"1500\" height=\"491\" src=\"https:\/\/stmichel.re\/wp_stm\/wp-content\/uploads\/2018\/12\/photo_point_de_vue_pic_adam.jpg\" class=\"attachment-post-thumbnail size-post-thumbnail wp-post-image\" alt=\"\" srcset=\"https:\/\/stmichel.re\/wp_stm\/wp-content\/uploads\/2018\/12\/photo_point_de_vue_pic_adam.jpg 1500w, https:\/\/stmichel.re\/wp_stm\/wp-content\/uploads\/2018\/12\/photo_point_de_vue_pic_adam-300x98.jpg 300w, https:\/\/stmichel.re\/wp_stm\/wp-content\/uploads\/2018\/12\/photo_point_de_vue_pic_adam-768x251.jpg 768w, https:\/\/stmichel.re\/wp_stm\/wp-content\/uploads\/2018\/12\/photo_point_de_vue_pic_adam-1200x393.jpg 1200w, https:\/\/stmichel.re\/wp_stm\/wp-content\/uploads\/2018\/12\/photo_point_de_vue_pic_adam-600x196.jpg 600w\" sizes=\"auto, 100vw\" \/><\/a>\n\t\t\t\t\n\t\t\t\t<h2 class=\"su-post-title\"><a href=\"https:\/\/stmichel.re\/?p=12864\">EPS : Projet Rando classes A<\/a><\/h2>\n\n\t\t\t\t<div class=\"su-post-meta\">\n\t\t\t\t\tPubli\u00e9: 11 d\u00e9cembre 2018\t\t\t\t<\/div>\n\n\t\t\t\t<div class=\"su-post-excerpt\">\n\t\t\t\t\t<p>Depuis la rentr\u00e9e, les \u00e9l\u00e8ves des classes de 5 \u00e8me A et 4 \u00e8me A vivent un cycle randonn\u00e9e avec leurs professeurs d&rsquo;EPS, de Maths et SVT, sur 5 journ\u00e9es planifi\u00e9es sur l&rsquo;ann\u00e9e.<\/p>\n\t\t\t\t<\/div>\n\n\t\t\t\t\t\t\t\t\t<a href=\"https:\/\/stmichel.re\/?p=12864#respond\" class=\"su-post-comments-link\">0 commentaire<\/a>\n\t\t\t\t\n\t\t\t<\/div>\n\n\t\t\t\t\t\n\t\t\t\n\t\t\t<div id=\"su-post-12403\" class=\"su-post \">\n\n\t\t\t\t\t\t\t\t\t<a class=\"su-post-thumbnail\" href=\"https:\/\/stmichel.re\/?p=12403\"><img loading=\"lazy\" decoding=\"async\" width=\"4954\" height=\"1492\" src=\"https:\/\/stmichel.re\/wp_stm\/wp-content\/uploads\/2018\/10\/IMG_1319.jpg\" class=\"attachment-post-thumbnail size-post-thumbnail wp-post-image\" alt=\"\" srcset=\"https:\/\/stmichel.re\/wp_stm\/wp-content\/uploads\/2018\/10\/IMG_1319.jpg 4954w, https:\/\/stmichel.re\/wp_stm\/wp-content\/uploads\/2018\/10\/IMG_1319-300x90.jpg 300w, https:\/\/stmichel.re\/wp_stm\/wp-content\/uploads\/2018\/10\/IMG_1319-768x231.jpg 768w, https:\/\/stmichel.re\/wp_stm\/wp-content\/uploads\/2018\/10\/IMG_1319-1200x361.jpg 1200w, https:\/\/stmichel.re\/wp_stm\/wp-content\/uploads\/2018\/10\/IMG_1319-600x181.jpg 600w\" sizes=\"auto, 100vw\" \/><\/a>\n\t\t\t\t\n\t\t\t\t<h2 class=\"su-post-title\"><a href=\"https:\/\/stmichel.re\/?p=12403\">Cross 2018<\/a><\/h2>\n\n\t\t\t\t<div class=\"su-post-meta\">\n\t\t\t\t\tPubli\u00e9: 5 octobre 2018\t\t\t\t<\/div>\n\n\t\t\t\t<div class=\"su-post-excerpt\">\n\t\t\t\t\t<p>Ce vendredi 05 octobre a eu lieu, dans une tr\u00e8s bonne ambiance , le cross du coll\u00e8ge. Bravo \u00e0 tous les participants&nbsp; et un grand merci aux organisateurs de cette belle manifestation .<\/p>\n\t\t\t\t<\/div>\n\n\t\t\t\t\t\t\t\t\t<a href=\"https:\/\/stmichel.re\/?p=12403#comments\" class=\"su-post-comments-link\">7 comments<\/a>\n\t\t\t\t\n\t\t\t<\/div>\n\n\t\t\t\t\t\n\t\t\t\n\t\t\t<div id=\"su-post-12060\" class=\"su-post \">\n\n\t\t\t\t\t\t\t\t\t<a class=\"su-post-thumbnail\" href=\"https:\/\/stmichel.re\/?p=12060\"><img loading=\"lazy\" decoding=\"async\" width=\"3327\" height=\"1508\" src=\"https:\/\/stmichel.re\/wp_stm\/wp-content\/uploads\/2018\/06\/IMG_20180530_161825-1.jpg\" class=\"attachment-post-thumbnail size-post-thumbnail wp-post-image\" alt=\"\" srcset=\"https:\/\/stmichel.re\/wp_stm\/wp-content\/uploads\/2018\/06\/IMG_20180530_161825-1.jpg 3327w, https:\/\/stmichel.re\/wp_stm\/wp-content\/uploads\/2018\/06\/IMG_20180530_161825-1-300x136.jpg 300w, https:\/\/stmichel.re\/wp_stm\/wp-content\/uploads\/2018\/06\/IMG_20180530_161825-1-768x348.jpg 768w, https:\/\/stmichel.re\/wp_stm\/wp-content\/uploads\/2018\/06\/IMG_20180530_161825-1-1200x544.jpg 1200w, https:\/\/stmichel.re\/wp_stm\/wp-content\/uploads\/2018\/06\/IMG_20180530_161825-1-600x272.jpg 600w\" sizes=\"auto, 100vw\" \/><\/a>\n\t\t\t\t\n\t\t\t\t<h2 class=\"su-post-title\"><a href=\"https:\/\/stmichel.re\/?p=12060\">Championnat UNSS basket<\/a><\/h2>\n\n\t\t\t\t<div class=\"su-post-meta\">\n\t\t\t\t\tPubli\u00e9: 9 juin 2018\t\t\t\t<\/div>\n\n\t\t\t\t<div class=\"su-post-excerpt\">\n\t\t\t\t\t<p>Les 3 \u00e9quipes de basket du coll\u00e8ge engag\u00e9es en championnat UNSS r\u00e9alisent un beau parcours 2017\/2018 en se qualifiant toutes les 3 aux finales acad\u00e9miques de la R\u00e9union. Les benjamines et les benjamins terminent 5\u00e8mes et les minimes 4\u00e8mes du d\u00e9partement sur plus de 30 \u00e9quipes. F\u00e9licitations aux 3 arbitres du coll\u00e8ge&nbsp; ( Adeline Emmanuel, &hellip; <\/p>\n<p class=\"link-more\"><a href=\"https:\/\/stmichel.re\/?p=12060\" class=\"more-link\">Continuer la lecture<span class=\"screen-reader-text\"> de &laquo;&nbsp;Championnat UNSS basket&nbsp;&raquo;<\/span><\/a><\/p>\n\t\t\t\t<\/div>\n\n\t\t\t\t\t\t\t\t\t<a href=\"https:\/\/stmichel.re\/?p=12060#respond\" class=\"su-post-comments-link\">0 commentaire<\/a>\n\t\t\t\t\n\t\t\t<\/div>\n\n\t\t\t\t\t\n\t\t\t\n\t\t\t<div id=\"su-post-11825\" class=\"su-post \">\n\n\t\t\t\t\t\t\t\t\t<a class=\"su-post-thumbnail\" href=\"https:\/\/stmichel.re\/?p=11825\"><img loading=\"lazy\" decoding=\"async\" width=\"1209\" height=\"327\" src=\"https:\/\/stmichel.re\/wp_stm\/wp-content\/uploads\/2018\/04\/IMG-20180409-WA0008.jpg\" class=\"attachment-post-thumbnail size-post-thumbnail wp-post-image\" alt=\"\" srcset=\"https:\/\/stmichel.re\/wp_stm\/wp-content\/uploads\/2018\/04\/IMG-20180409-WA0008.jpg 1209w, https:\/\/stmichel.re\/wp_stm\/wp-content\/uploads\/2018\/04\/IMG-20180409-WA0008-300x81.jpg 300w, https:\/\/stmichel.re\/wp_stm\/wp-content\/uploads\/2018\/04\/IMG-20180409-WA0008-768x208.jpg 768w, https:\/\/stmichel.re\/wp_stm\/wp-content\/uploads\/2018\/04\/IMG-20180409-WA0008-1200x325.jpg 1200w, https:\/\/stmichel.re\/wp_stm\/wp-content\/uploads\/2018\/04\/IMG-20180409-WA0008-600x162.jpg 600w\" sizes=\"auto, 100vw\" \/><\/a>\n\t\t\t\t\n\t\t\t\t<h2 class=\"su-post-title\"><a href=\"https:\/\/stmichel.re\/?p=11825\">Sortie rafting<\/a><\/h2>\n\n\t\t\t\t<div class=\"su-post-meta\">\n\t\t\t\t\tPubli\u00e9: 10 avril 2018\t\t\t\t<\/div>\n\n\t\t\t\t<div class=\"su-post-excerpt\">\n\t\t\t\t\t<p>Ce lundi 9 avril etait organis\u00e9e la sortie rafting au stade d&rsquo;eaux vives \u00e0 Ste Suzanne. Elle r\u00e9compensait la classe de 3 \u00e8me E qui s&rsquo;\u00e9tait la mieux class\u00e9e lors du cross du coll\u00e8ge . Ce fut pour certains la d\u00e9couverte d&rsquo;une nouvelle activit\u00e9 et pour tous un moment convivial et sportif riche en \u00e9motions<\/p>\n\t\t\t\t<\/div>\n\n\t\t\t\t\t\t\t\t\t<a href=\"https:\/\/stmichel.re\/?p=11825#respond\" class=\"su-post-comments-link\">0 commentaire<\/a>\n\t\t\t\t\n\t\t\t<\/div>\n\n\t\t\n\t\n<\/div>\n\n\n\n\n\n<div class=\"su-posts su-posts-default-loop \">\n\n\t\n\t\t\t\t\t\n\t\t\t\n\t\t\t<div id=\"su-post-13011\" class=\"su-post \">\n\n\t\t\t\t\t\t\t\t\t<a class=\"su-post-thumbnail\" href=\"https:\/\/stmichel.re\/?p=13011\"><img loading=\"lazy\" decoding=\"async\" width=\"1021\" height=\"544\" src=\"https:\/\/stmichel.re\/wp_stm\/wp-content\/uploads\/2019\/02\/IMG-20190212-WA0017.jpg\" class=\"attachment-post-thumbnail size-post-thumbnail wp-post-image\" alt=\"\" srcset=\"https:\/\/stmichel.re\/wp_stm\/wp-content\/uploads\/2019\/02\/IMG-20190212-WA0017.jpg 1021w, https:\/\/stmichel.re\/wp_stm\/wp-content\/uploads\/2019\/02\/IMG-20190212-WA0017-300x160.jpg 300w, https:\/\/stmichel.re\/wp_stm\/wp-content\/uploads\/2019\/02\/IMG-20190212-WA0017-768x409.jpg 768w, https:\/\/stmichel.re\/wp_stm\/wp-content\/uploads\/2019\/02\/IMG-20190212-WA0017-600x320.jpg 600w\" sizes=\"auto, 100vw\" \/><\/a>\n\t\t\t\t\n\t\t\t\t<h2 class=\"su-post-title\"><a href=\"https:\/\/stmichel.re\/?p=13011\">Cross Acad\u00e9mique<\/a><\/h2>\n\n\t\t\t\t<div class=\"su-post-meta\">\n\t\t\t\t\tPubli\u00e9: 12 f\u00e9vrier 2019\t\t\t\t<\/div>\n\n\t\t\t\t<div class=\"su-post-excerpt\">\n\t\t\t\t\t<p>Le cross acad\u00e9mique s&rsquo;est d\u00e9roul\u00e9 le 31 janvier dernier \u00e0 La Plaine des Cafres, dans le brouillard et le frais. Retrouvez ici quelques images et le classement de nos champions&#8230;<\/p>\n\t\t\t\t<\/div>\n\n\t\t\t\t\t\t\t\t\t<a href=\"https:\/\/stmichel.re\/?p=13011#comments\" class=\"su-post-comments-link\">3 comments<\/a>\n\t\t\t\t\n\t\t\t<\/div>\n\n\t\t\t\t\t\n\t\t\t\n\t\t\t<div id=\"su-post-12060\" class=\"su-post \">\n\n\t\t\t\t\t\t\t\t\t<a class=\"su-post-thumbnail\" href=\"https:\/\/stmichel.re\/?p=12060\"><img loading=\"lazy\" decoding=\"async\" width=\"3327\" height=\"1508\" src=\"https:\/\/stmichel.re\/wp_stm\/wp-content\/uploads\/2018\/06\/IMG_20180530_161825-1.jpg\" class=\"attachment-post-thumbnail size-post-thumbnail wp-post-image\" alt=\"\" srcset=\"https:\/\/stmichel.re\/wp_stm\/wp-content\/uploads\/2018\/06\/IMG_20180530_161825-1.jpg 3327w, https:\/\/stmichel.re\/wp_stm\/wp-content\/uploads\/2018\/06\/IMG_20180530_161825-1-300x136.jpg 300w, https:\/\/stmichel.re\/wp_stm\/wp-content\/uploads\/2018\/06\/IMG_20180530_161825-1-768x348.jpg 768w, https:\/\/stmichel.re\/wp_stm\/wp-content\/uploads\/2018\/06\/IMG_20180530_161825-1-1200x544.jpg 1200w, https:\/\/stmichel.re\/wp_stm\/wp-content\/uploads\/2018\/06\/IMG_20180530_161825-1-600x272.jpg 600w\" sizes=\"auto, 100vw\" \/><\/a>\n\t\t\t\t\n\t\t\t\t<h2 class=\"su-post-title\"><a href=\"https:\/\/stmichel.re\/?p=12060\">Championnat UNSS basket<\/a><\/h2>\n\n\t\t\t\t<div class=\"su-post-meta\">\n\t\t\t\t\tPubli\u00e9: 9 juin 2018\t\t\t\t<\/div>\n\n\t\t\t\t<div class=\"su-post-excerpt\">\n\t\t\t\t\t<p>Les 3 \u00e9quipes de basket du coll\u00e8ge engag\u00e9es en championnat UNSS r\u00e9alisent un beau parcours 2017\/2018 en se qualifiant toutes les 3 aux finales acad\u00e9miques de la R\u00e9union. Les benjamines et les benjamins terminent 5\u00e8mes et les minimes 4\u00e8mes du d\u00e9partement sur plus de 30 \u00e9quipes. F\u00e9licitations aux 3 arbitres du coll\u00e8ge&nbsp; ( Adeline Emmanuel, &hellip; <\/p>\n<p class=\"link-more\"><a href=\"https:\/\/stmichel.re\/?p=12060\" class=\"more-link\">Continuer la lecture<span class=\"screen-reader-text\"> de &laquo;&nbsp;Championnat UNSS basket&nbsp;&raquo;<\/span><\/a><\/p>\n\t\t\t\t<\/div>\n\n\t\t\t\t\t\t\t\t\t<a href=\"https:\/\/stmichel.re\/?p=12060#respond\" class=\"su-post-comments-link\">0 commentaire<\/a>\n\t\t\t\t\n\t\t\t<\/div>\n\n\t\t\t\t\t\n\t\t\t\n\t\t\t<div id=\"su-post-10965\" class=\"su-post \">\n\n\t\t\t\t\t\t\t\t\t<a class=\"su-post-thumbnail\" href=\"https:\/\/stmichel.re\/?p=10965\"><img loading=\"lazy\" decoding=\"async\" width=\"800\" height=\"451\" src=\"https:\/\/stmichel.re\/wp_stm\/wp-content\/uploads\/2017\/06\/IMG_20170621_112445-1.jpg\" class=\"attachment-post-thumbnail size-post-thumbnail wp-post-image\" alt=\"\" srcset=\"https:\/\/stmichel.re\/wp_stm\/wp-content\/uploads\/2017\/06\/IMG_20170621_112445-1.jpg 800w, https:\/\/stmichel.re\/wp_stm\/wp-content\/uploads\/2017\/06\/IMG_20170621_112445-1-300x169.jpg 300w, https:\/\/stmichel.re\/wp_stm\/wp-content\/uploads\/2017\/06\/IMG_20170621_112445-1-768x433.jpg 768w, https:\/\/stmichel.re\/wp_stm\/wp-content\/uploads\/2017\/06\/IMG_20170621_112445-1-600x338.jpg 600w\" sizes=\"auto, 100vw\" \/><\/a>\n\t\t\t\t\n\t\t\t\t<h2 class=\"su-post-title\"><a href=\"https:\/\/stmichel.re\/?p=10965\">Basket UNSS<\/a><\/h2>\n\n\t\t\t\t<div class=\"su-post-meta\">\n\t\t\t\t\tPubli\u00e9: 23 juin 2017\t\t\t\t<\/div>\n\n\t\t\t\t<div class=\"su-post-excerpt\">\n\t\t\t\t\t<p>Les minimes gar\u00e7ons terminent le championnat acad\u00e9mique \u00e0 la 5\u00e8me place &nbsp; Apr\u00e8s leur titre de champions du district Nord et leur 3\u00e8me place aux inter-district Nord\/Est, le niveau \u00e9tait encore plus relev\u00e9 ce mercredi 21 juin au gymnase de l&rsquo;universit\u00e9 du Tampon o\u00f9 se jouait la finale acad\u00e9mique de basket.<\/p>\n\t\t\t\t<\/div>\n\n\t\t\t\t\t\t\t\t\t<a href=\"https:\/\/stmichel.re\/?p=10965#respond\" class=\"su-post-comments-link\">0 commentaire<\/a>\n\t\t\t\t\n\t\t\t<\/div>\n\n\t\t\t\t\t\n\t\t\t\n\t\t\t<div id=\"su-post-9672\" class=\"su-post \">\n\n\t\t\t\t\t\t\t\t\t<a class=\"su-post-thumbnail\" href=\"https:\/\/stmichel.re\/?p=9672\"><img loading=\"lazy\" decoding=\"async\" width=\"1200\" height=\"679\" src=\"https:\/\/stmichel.re\/wp_stm\/wp-content\/uploads\/2016\/11\/IMG_4171-2-1200x679.jpg\" class=\"attachment-post-thumbnail size-post-thumbnail wp-post-image\" alt=\"\" srcset=\"https:\/\/stmichel.re\/wp_stm\/wp-content\/uploads\/2016\/11\/IMG_4171-2-1200x679.jpg 1200w, https:\/\/stmichel.re\/wp_stm\/wp-content\/uploads\/2016\/11\/IMG_4171-2-300x170.jpg 300w, https:\/\/stmichel.re\/wp_stm\/wp-content\/uploads\/2016\/11\/IMG_4171-2-768x435.jpg 768w\" sizes=\"auto, 100vw\" \/><\/a>\n\t\t\t\t\n\t\t\t\t<h2 class=\"su-post-title\"><a href=\"https:\/\/stmichel.re\/?p=9672\">Cross de District<\/a><\/h2>\n\n\t\t\t\t<div class=\"su-post-meta\">\n\t\t\t\t\tPubli\u00e9: 19 novembre 2016\t\t\t\t<\/div>\n\n\t\t\t\t<div class=\"su-post-excerpt\">\n\t\t\t\t\t<p>Ce mercredi 16 novembre, quelques unes et quelques uns de nos meilleurs athl\u00e8tes ont d\u00e9fendu les couleurs du coll\u00e8ge lors du cross de district, sur le stade de la Redoute. F\u00e9licitations \u00e0 tous Avec une mention particuli\u00e8re \u00e0 Franck Victoire et Alexandre Khallef, vainqueurs dans leurs&nbsp;cat\u00e9gories.&nbsp; &nbsp; Classements complets<\/p>\n\t\t\t\t<\/div>\n\n\t\t\t\t\t\t\t\t\t<a href=\"https:\/\/stmichel.re\/?p=9672#comments\" class=\"su-post-comments-link\">3 comments<\/a>\n\t\t\t\t\n\t\t\t<\/div>\n\n\t\t\t\t\t\n\t\t\t\n\t\t\t<div id=\"su-post-7963\" class=\"su-post \">\n\n\t\t\t\t\t\t\t\t\t<a class=\"su-post-thumbnail\" href=\"https:\/\/stmichel.re\/?p=7963\"><img loading=\"lazy\" decoding=\"async\" width=\"1200\" height=\"521\" src=\"https:\/\/stmichel.re\/wp_stm\/wp-content\/uploads\/2016\/04\/04-1-1200x521.jpg\" class=\"attachment-post-thumbnail size-post-thumbnail wp-post-image\" alt=\"\" srcset=\"https:\/\/stmichel.re\/wp_stm\/wp-content\/uploads\/2016\/04\/04-1-1200x521.jpg 1200w, https:\/\/stmichel.re\/wp_stm\/wp-content\/uploads\/2016\/04\/04-1-300x130.jpg 300w, https:\/\/stmichel.re\/wp_stm\/wp-content\/uploads\/2016\/04\/04-1-768x333.jpg 768w\" sizes=\"auto, 100vw\" \/><\/a>\n\t\t\t\t\n\t\t\t\t<h2 class=\"su-post-title\"><a href=\"https:\/\/stmichel.re\/?p=7963\">Les benjamins, champions d&rsquo;acad\u00e9mie de foot <img src=\"https:\/\/stmichel.re\/wp_stm\/wp-includes\/images\/smilies\/icon_exclaim.gif\" alt=\"!\" class=\"wp-smiley\" style=\"height: 1em; max-height: 1em;\" \/><\/a><\/h2>\n\n\t\t\t\t<div class=\"su-post-meta\">\n\t\t\t\t\tPubli\u00e9: 29 avril 2016\t\t\t\t<\/div>\n\n\t\t\t\t<div class=\"su-post-excerpt\">\n\t\t\t\t\t<p>Au stade de la Redoute , les benjamins gar\u00e7ons du coll\u00e8ge\u00a0sont devenus \u00ab\u00a0champions de l&rsquo;acad\u00e9mie de football\u00a0\u00bb. Ils\u00a0se sont impos\u00e9s en finale UNSS 4 tirs au but \u00e0 3 face au coll\u00e8ge de Terre-Sainte \u00e0\u00a0St-Pierre au terme d&rsquo;un match engag\u00e9.\u00a0<\/p>\n\t\t\t\t<\/div>\n\n\t\t\t\t\t\t\t\t\t<a href=\"https:\/\/stmichel.re\/?p=7963#comments\" class=\"su-post-comments-link\">5 comments<\/a>\n\t\t\t\t\n\t\t\t<\/div>\n\n\t\t\n\t\n<\/div>\n\n","protected":false},"excerpt":{"rendered":"<p>Retrouvez dans cette page les articles concernant le sport au coll\u00e8ge&#8230;<\/p>\n","protected":false},"author":197,"featured_media":0,"parent":0,"menu_order":0,"comment_status":"closed","ping_status":"closed","template":"","meta":{"ngg_post_thumbnail":0,"footnotes":"","_links_to":"","_links_to_target":""},"class_list":["post-13164","page","type-page","status-publish","hentry"],"_links":{"self":[{"href":"https:\/\/stmichel.re\/index.php?rest_route=\/wp\/v2\/pages\/13164","targetHints":{"allow":["GET"]}}],"collection":[{"href":"https:\/\/stmichel.re\/index.php?rest_route=\/wp\/v2\/pages"}],"about":[{"href":"https:\/\/stmichel.re\/index.php?rest_route=\/wp\/v2\/types\/page"}],"author":[{"embeddable":true,"href":"https:\/\/stmichel.re\/index.php?rest_route=\/wp\/v2\/users\/197"}],"replies":[{"embeddable":true,"href":"https:\/\/stmichel.re\/index.php?rest_route=%2Fwp%2Fv2%2Fcomments&post=13164"}],"version-history":[{"count":0,"href":"https:\/\/stmichel.re\/index.php?rest_route=\/wp\/v2\/pages\/13164\/revisions"}],"wp:attachment":[{"href":"https:\/\/stmichel.re\/index.php?rest_route=%2Fwp%2Fv2%2Fmedia&parent=13164"}],"curies":[{"name":"wp","href":"https:\/\/api.w.org\/{rel}","templated":true}]}}