{"id":13148,"date":"2019-03-02T11:25:22","date_gmt":"2019-03-02T07:25:22","guid":{"rendered":"http:\/\/stmichel.re\/?page_id=13148"},"modified":"2019-12-18T11:41:21","modified_gmt":"2019-12-18T07:41:21","slug":"projet-ecologie-integrale","status":"publish","type":"page","link":"https:\/\/stmichel.re\/?page_id=13148","title":{"rendered":"Projet \u00e9cologie int\u00e9grale"},"content":{"rendered":"\n<p>Le coll\u00e8ge La Salle St Michel se lance dans un grand <span style=\"color: #339966;\">projet d&rsquo;\u00e9cologie int\u00e9grale<\/span>. Retrouvez ci-dessous, \u00e0 travers nos documents, les d\u00e9tails de ce projet :<\/p>\n\n\n\n<div class=\"wp-block-file\"><a href=\"http:\/\/stmichel.re\/wp_stm\/wp-content\/uploads\/2019\/03\/PROJET-EI-.pdf\">Projet Ecologie Int\u00e9grale (238 ko)<\/a><a href=\"http:\/\/stmichel.re\/wp_stm\/wp-content\/uploads\/2019\/03\/PROJET-EI-.pdf\" class=\"wp-block-file__button\" download>T\u00e9l\u00e9charger<\/a><\/div>\n\n\n\n<div class=\"wp-block-file\"><a href=\"http:\/\/stmichel.re\/wp_stm\/wp-content\/uploads\/2019\/03\/Ouvrir-EI.pdf\">Ouvrir l&rsquo;\u00e9cologie int\u00e9grale (2,6 Mo)<\/a><a href=\"http:\/\/stmichel.re\/wp_stm\/wp-content\/uploads\/2019\/03\/Ouvrir-EI.pdf\" class=\"wp-block-file__button\" download>T\u00e9l\u00e9charger<\/a><\/div>\n\n\n\n<h3><span style=\"font-size: 1.375rem;\">Revue \u00ab\u00a0Ecologie Int\u00e9grale\u00a0\u00bb :<\/span><\/h3>\n\n\n\n<div class=\"wp-block-file\"><a href=\"http:\/\/stmichel.re\/wp_stm\/wp-content\/uploads\/2019\/12\/Ecologie-Integrale_Num3-Dec-19.pdf\"><span style=\"color:#cf2e2e\" class=\"tadv-color\">Ecologie Int\u00e9grale n\u00b03 \/ D\u00e9cembre 2019 (8,9Mo)<\/span><\/a><a href=\"http:\/\/stmichel.re\/wp_stm\/wp-content\/uploads\/2019\/12\/Ecologie-Integrale_Num3-Dec-19.pdf\" class=\"wp-block-file__button\" download>T\u00e9l\u00e9charger<\/a><\/div>\n\n\n\n<div class=\"wp-block-file\"><a href=\"http:\/\/stmichel.re\/wp_stm\/wp-content\/uploads\/2019\/09\/Ecologie-Integrale_juillet2019.pdf\">Ecologie Int\u00e9grale \/ Juillet 2019 (5,3 Mo)<\/a><a href=\"http:\/\/stmichel.re\/wp_stm\/wp-content\/uploads\/2019\/09\/Ecologie-Integrale_juillet2019.pdf\" class=\"wp-block-file__button\" download>T\u00e9l\u00e9charger<\/a><\/div>\n\n\n","protected":false},"excerpt":{"rendered":"<p>Le coll\u00e8ge La Salle St Michel se lance dans un grand projet d&rsquo;\u00e9cologie int\u00e9grale. Retrouvez ci-dessous, \u00e0 travers nos documents, les d\u00e9tails de ce projet : Revue \u00ab\u00a0Ecologie Int\u00e9grale\u00a0\u00bb :<\/p>\n","protected":false},"author":197,"featured_media":13159,"parent":0,"menu_order":0,"comment_status":"closed","ping_status":"closed","template":"","meta":{"ngg_post_thumbnail":0,"footnotes":"","_links_to":"","_links_to_target":""},"class_list":["post-13148","page","type-page","status-publish","has-post-thumbnail","hentry"],"_links":{"self":[{"href":"https:\/\/stmichel.re\/index.php?rest_route=\/wp\/v2\/pages\/13148","targetHints":{"allow":["GET"]}}],"collection":[{"href":"https:\/\/stmichel.re\/index.php?rest_route=\/wp\/v2\/pages"}],"about":[{"href":"https:\/\/stmichel.re\/index.php?rest_route=\/wp\/v2\/types\/page"}],"author":[{"embeddable":true,"href":"https:\/\/stmichel.re\/index.php?rest_route=\/wp\/v2\/users\/197"}],"replies":[{"embeddable":true,"href":"https:\/\/stmichel.re\/index.php?rest_route=%2Fwp%2Fv2%2Fcomments&post=13148"}],"version-history":[{"count":0,"href":"https:\/\/stmichel.re\/index.php?rest_route=\/wp\/v2\/pages\/13148\/revisions"}],"wp:featuredmedia":[{"embeddable":true,"href":"https:\/\/stmichel.re\/index.php?rest_route=\/wp\/v2\/media\/13159"}],"wp:attachment":[{"href":"https:\/\/stmichel.re\/index.php?rest_route=%2Fwp%2Fv2%2Fmedia&parent=13148"}],"curies":[{"name":"wp","href":"https:\/\/api.w.org\/{rel}","templated":true}]}}

Projet écologie intégrale

<p>Le collège La Salle St Michel se lance dans un grand <span style="color: #339966;">projet d&rsquo;écologie intégrale</span>. Retrouvez ci-dessous, à travers nos documents, les détails de ce projet :</p>



<div class="wp-block-file"><a href="http://stmichel.re/wp_stm/wp-content/uploads/2019/03/PROJET-EI-.pdf">Projet Ecologie Intégrale (238 ko)</a><a href="http://stmichel.re/wp_stm/wp-content/uploads/2019/03/PROJET-EI-.pdf" class="wp-block-file__button" download>Télécharger</a></div>



<div class="wp-block-file"><a href="http://stmichel.re/wp_stm/wp-content/uploads/2019/03/Ouvrir-EI.pdf">Ouvrir l&rsquo;écologie intégrale (2,6 Mo)</a><a href="http://stmichel.re/wp_stm/wp-content/uploads/2019/03/Ouvrir-EI.pdf" class="wp-block-file__button" download>Télécharger</a></div>



<h3><span style="font-size: 1.375rem;">Revue « Ecologie Intégrale » :</span></h3>



<div class="wp-block-file"><a href="http://stmichel.re/wp_stm/wp-content/uploads/2019/12/Ecologie-Integrale_Num3-Dec-19.pdf"><span style="color:#cf2e2e" class="tadv-color">Ecologie Intégrale n°3 / Décembre 2019 (8,9Mo)</span></a><a href="http://stmichel.re/wp_stm/wp-content/uploads/2019/12/Ecologie-Integrale_Num3-Dec-19.pdf" class="wp-block-file__button" download>Télécharger</a></div>



<div class="wp-block-file"><a href="http://stmichel.re/wp_stm/wp-content/uploads/2019/09/Ecologie-Integrale_juillet2019.pdf">Ecologie Intégrale / Juillet 2019 (5,3 Mo)</a><a href="http://stmichel.re/wp_stm/wp-content/uploads/2019/09/Ecologie-Integrale_juillet2019.pdf" class="wp-block-file__button" download>Télécharger</a></div>

<p>Le collège La Salle St Michel se lance dans un grand projet d&rsquo;écologie intégrale. Retrouvez ci-dessous, à travers nos documents, les détails de ce projet : Revue « Ecologie Intégrale » :</p>
