{"id":13138,"date":"2019-03-02T08:30:18","date_gmt":"2019-03-02T04:30:18","guid":{"rendered":"http:\/\/stmichel.re\/?page_id=13138"},"modified":"2019-03-04T17:38:49","modified_gmt":"2019-03-04T13:38:49","slug":"reseau-la-salle","status":"publish","type":"page","link":"https:\/\/stmichel.re\/?page_id=13138","title":{"rendered":"R\u00e9seau La Salle"},"content":{"rendered":"\n<p>Retrouvez ici le dossier de presse \u00e9dit\u00e9 par le r\u00e9seau La Salle.<\/p>\n\n\n\n\n\n<div class=\"wp-block-image\"><figure class=\"aligncenter\"><a href=\"http:\/\/stmichel.re\/wp_stm\/wp-content\/uploads\/2019\/03\/DOSSIER-DE-PRESSE-MARS-2019-.pdf\" target=\"_blank\" rel=\"noreferrer noopener\"><img loading=\"lazy\" decoding=\"async\" width=\"150\" height=\"150\" src=\"http:\/\/stmichel.re\/wp_stm\/wp-content\/uploads\/2019\/03\/Capture-d\u2019e\u0301cran-2019-03-04-a\u0300-17.34.25-150x150.png\" alt=\"\" class=\"wp-image-13248\" srcset=\"https:\/\/stmichel.re\/wp_stm\/wp-content\/uploads\/2019\/03\/Capture-d\u2019e\u0301cran-2019-03-04-a\u0300-17.34.25-150x150.png 150w, https:\/\/stmichel.re\/wp_stm\/wp-content\/uploads\/2019\/03\/Capture-d\u2019e\u0301cran-2019-03-04-a\u0300-17.34.25-100x100.png 100w\" sizes=\"auto, (max-width: 150px) 100vw, 150px\" \/><\/a><\/figure><\/div>\n","protected":false},"excerpt":{"rendered":"<p>Retrouvez ici le dossier de presse \u00e9dit\u00e9 par le r\u00e9seau La Salle.<\/p>\n","protected":false},"author":197,"featured_media":0,"parent":0,"menu_order":0,"comment_status":"closed","ping_status":"closed","template":"","meta":{"ngg_post_thumbnail":0,"footnotes":"","_links_to":"","_links_to_target":""},"class_list":["post-13138","page","type-page","status-publish","hentry"],"_links":{"self":[{"href":"https:\/\/stmichel.re\/index.php?rest_route=\/wp\/v2\/pages\/13138","targetHints":{"allow":["GET"]}}],"collection":[{"href":"https:\/\/stmichel.re\/index.php?rest_route=\/wp\/v2\/pages"}],"about":[{"href":"https:\/\/stmichel.re\/index.php?rest_route=\/wp\/v2\/types\/page"}],"author":[{"embeddable":true,"href":"https:\/\/stmichel.re\/index.php?rest_route=\/wp\/v2\/users\/197"}],"replies":[{"embeddable":true,"href":"https:\/\/stmichel.re\/index.php?rest_route=%2Fwp%2Fv2%2Fcomments&post=13138"}],"version-history":[{"count":0,"href":"https:\/\/stmichel.re\/index.php?rest_route=\/wp\/v2\/pages\/13138\/revisions"}],"wp:attachment":[{"href":"https:\/\/stmichel.re\/index.php?rest_route=%2Fwp%2Fv2%2Fmedia&parent=13138"}],"curies":[{"name":"wp","href":"https:\/\/api.w.org\/{rel}","templated":true}]}}