{"id":3786,"date":"2014-06-19T14:51:56","date_gmt":"2014-06-19T10:51:56","guid":{"rendered":"http:\/\/stmichel.re\/?page_id=3786"},"modified":"2014-06-19T14:51:56","modified_gmt":"2014-06-19T10:51:56","slug":"mentions-legales","status":"publish","type":"page","link":"http:\/\/stmichel.re\/?page_id=3786","title":{"rendered":"Mentions l\u00e9gales"},"content":{"rendered":"<address><span style=\"text-decoration: underline;\">Editeur<\/span> :<br \/>\nColl\u00e8ge\u00a0Lasalle Saint Michel<br \/>\n28 rue Monseigneur\u00a0de Beaumont<br \/>\nBP 854 &#8211; 97477 Saint Denis Cedex<\/address>\n<address>t\u00e9l. : 02 62 90 92 92<br \/>\nt\u00e9l\u00e9copie : 02 62 90 92 90<br \/>\nt\u00e9l\u00e9copie gestion : 02 62 90 92 78<\/address>\n<p><span style=\"text-decoration: underline;\">Directeur de la publication et responsable de la r\u00e9daction<\/span>\u00a0:<br \/>\nM. Fr\u00e9d\u00e9ric Pierre, Directeur du coll\u00e8ge.<\/p>\n<p><span style=\"text-decoration: underline;\">Conception et r\u00e9alisation<\/span> :<br \/>\nR\u00e9alisation interne \u00e0 l&rsquo;\u00e9tablissement par M. Laurent Cecchet,\u00a0professeur de technologie.<\/p>\n<p><span style=\"text-decoration: underline;\">H\u00e9bergeur<\/span> :<br \/>\nOVH<br \/>\n2 rue Kellermann &#8211; 59100 Roubaix &#8211; France<\/p>\n<p><span style=\"text-decoration: underline;\">Propri\u00e9t\u00e9 intellectuelle<\/span> :<\/p>\n<p>Les photographies, textes, slogans, dessins, images, s\u00e9quences anim\u00e9es,<br \/>\nsonores ou non, ainsi que toutes les \u0153uvres int\u00e9gr\u00e9es dans le site sont la propri\u00e9t\u00e9<br \/>\nde l&rsquo;\u00e9diteur du site ou de tiers ayant autoris\u00e9 l&rsquo;\u00e9diteur du site \u00e0 les utiliser.<br \/>\nToute reproduction totale ou partielle de ces \u00e9l\u00e9ments sans l&rsquo;autorisation expresse de<br \/>\nl&rsquo;exploitant du site Internet ou de ses ayant-droit est prohib\u00e9e, au sens de l&rsquo;article L713-2 du CPI.<\/p>\n","protected":false},"excerpt":{"rendered":"<p>Editeur : Coll\u00e8ge\u00a0Lasalle Saint Michel 28 rue Monseigneur\u00a0de Beaumont BP 854 &#8211; 97477 Saint Denis Cedex t\u00e9l. : 02 62 90 92 92 t\u00e9l\u00e9copie : 02 62 90 92 90 t\u00e9l\u00e9copie gestion : 02 62 90 92 78 Directeur de la publication et responsable de la r\u00e9daction\u00a0: M. Fr\u00e9d\u00e9ric Pierre, Directeur du coll\u00e8ge. Conception et &hellip; <\/p>\n<p class=\"link-more\"><a href=\"http:\/\/stmichel.re\/?page_id=3786\" class=\"more-link\">Continuer la lecture<span class=\"screen-reader-text\"> de &laquo;&nbsp;Mentions l\u00e9gales&nbsp;&raquo;<\/span><\/a><\/p>\n","protected":false},"author":197,"featured_media":0,"parent":3788,"menu_order":10,"comment_status":"closed","ping_status":"open","template":"","meta":{"ngg_post_thumbnail":0,"footnotes":"","_links_to":"","_links_to_target":""},"class_list":["post-3786","page","type-page","status-publish","hentry"],"_links":{"self":[{"href":"http:\/\/stmichel.re\/index.php?rest_route=\/wp\/v2\/pages\/3786","targetHints":{"allow":["GET"]}}],"collection":[{"href":"http:\/\/stmichel.re\/index.php?rest_route=\/wp\/v2\/pages"}],"about":[{"href":"http:\/\/stmichel.re\/index.php?rest_route=\/wp\/v2\/types\/page"}],"author":[{"embeddable":true,"href":"http:\/\/stmichel.re\/index.php?rest_route=\/wp\/v2\/users\/197"}],"replies":[{"embeddable":true,"href":"http:\/\/stmichel.re\/index.php?rest_route=%2Fwp%2Fv2%2Fcomments&post=3786"}],"version-history":[{"count":0,"href":"http:\/\/stmichel.re\/index.php?rest_route=\/wp\/v2\/pages\/3786\/revisions"}],"up":[{"embeddable":true,"href":"http:\/\/stmichel.re\/index.php?rest_route=\/wp\/v2\/pages\/3788"}],"wp:attachment":[{"href":"http:\/\/stmichel.re\/index.php?rest_route=%2Fwp%2Fv2%2Fmedia&parent=3786"}],"curies":[{"name":"wp","href":"https:\/\/api.w.org\/{rel}","templated":true}]}}