{"id":321,"date":"2012-04-07T20:02:54","date_gmt":"2012-04-07T16:02:54","guid":{"rendered":"http:\/\/stmichel.re\/wp_stm\/?page_id=321"},"modified":"2017-06-13T19:47:10","modified_gmt":"2017-06-13T15:47:10","slug":"lapel","status":"publish","type":"page","link":"http:\/\/stmichel.re\/?page_id=321","title":{"rendered":"L&rsquo;APEL"},"content":{"rendered":"<blockquote><p>L&rsquo;APEL &#8211; Association des Parents d&rsquo;\u00c9l\u00e8ves de l&rsquo;enseignement Libre<\/p><\/blockquote>\n<p align=\"left\"><a href=\"http:\/\/stmichel.re\/wp_stm\/wp-content\/uploads\/2012\/04\/Newsletter-APEL-06-2017.pdf\">Newsletter APEL 06-2017<\/a><\/p>\n<p align=\"left\"><span style=\"font-size: small;\">Les Apel ont \u00e9t\u00e9 cr\u00e9es il y a <\/span><strong><span style=\"font-size: small;\">plus de 80 ans<\/span><\/strong><span style=\"font-size: small;\"> par des parents d&rsquo;\u00e9l\u00e8ves d\u00e9sireux d&rsquo;\u00eatre associ\u00e9s \u00e0 la vie des \u00e9tablissements scolaires de leurs enfants.<br \/>\nChaque jour, ce sont des <\/span><strong><span style=\"font-size: small;\">milliers de b\u00e9n\u00e9voles<\/span><\/strong><span style=\"font-size: small;\"> qui collaborent activement aux projets \u00e9ducatifs dans <\/span><span style=\"font-size: small;\">6500 \u00e9tablissements, 5000 \u00e9coles<\/span><span style=\"font-size: small;\">, <\/span><span style=\"font-size: small;\">1600 coll\u00e8ges, <\/span><span style=\"font-size: small;\">1100 lyc\u00e9es. <\/span><\/p>\n<p align=\"justify\"><span style=\"font-size: medium;\"><strong><span style=\"font-size: small;\">L&rsquo;Apel s&rsquo;engage pour l&rsquo;avenir de 2 millions d&rsquo;enfants<\/span><\/strong><span style=\"font-size: small;\">, dont les parents ont choisi librement un \u00e9tablissement scolaire et son projet \u00e9ducatif. <\/span><\/span><\/p>\n<h4 align=\"justify\"><span style=\"font-size: small;\"><b> Au niveau national,<\/b> l&rsquo;APEL <\/span><\/h4>\n<ul>\n<li><span style=\"font-size: small;\">accompagne \u00e9galement les parents dans leur t\u00e2che \u00e9ducative <\/span><strong><span style=\"font-size: small;\">au travers des diff\u00e9rents services qu&rsquo;elle leur offre<\/span><\/strong><span style=\"font-size: small;\"> : <\/span><\/li>\n<\/ul>\n<p align=\"justify\"><span style=\"font-size: small;\"> * le service d&rsquo;information et de conseil aux familles, le magazine \u00ab\u00a0Famille &amp; Education\u00a0\u00bb qui propose tous les deux mois aux parents abonn\u00e9s des informations et des conseils sur la scolarit\u00e9 et les grandes questions \u00e9ducatives.<\/span><\/p>\n<p align=\"justify\"><span style=\"font-size: small;\"> * le site <\/span><strong><span style=\"font-size: small;\"><a href=\"http:\/\/www.apel.fr\/\" target=\"_blank\" rel=\"noopener noreferrer\">www.apel.fr<\/a>.<\/span><\/strong><\/p>\n<p align=\"justify\"><span style=\"font-size: small;\"> * la plateforme t\u00e9l\u00e9phonique \u00ab\u00a0Apel Service\u00a0\u00bb<sup><a class=\"sdfootnoteanc\" href=\"#sdfootnote1sym\" name=\"sdfootnote1anc\">1<\/a><\/sup>&nbsp;<\/span><span style=\"font-size: small;\">qui r\u00e9unit une \u00e9quipe de sp\u00e9cialistes (conseillers scolaires et d&rsquo;orientation, psychologues, juristes, etc.) pour r\u00e9pondre \u00e0 toutes les questions que vous vous posez. <\/span><strong><span style=\"font-size: small;\">L&rsquo;anonymat et la confidentialit\u00e9 sont garantis<\/span><\/strong><span style=\"font-size: small;\">. <\/span><\/p>\n<ul>\n<li><span style=\"font-size: small;\">continue \u00e0 <\/span><strong><span style=\"font-size: small;\">d\u00e9fendre la libert\u00e9 d&rsquo;enseignement et du choix de l&rsquo;\u00e9cole<\/span><\/strong><span style=\"font-size: small;\">.<\/span><\/li>\n<\/ul>\n<p>&nbsp;<\/p>\n<p><b style=\"font-size: small; letter-spacing: 0.13333em; text-transform: uppercase;\">A<\/b><b style=\"font-size: small; letter-spacing: 0.13333em; text-transform: uppercase;\">u niveau de l&rsquo;\u00e9tablissement&nbsp;<\/b><span style=\"font-size: small; font-weight: 900; letter-spacing: 0.13333em; text-transform: uppercase;\">:<\/span><\/p>\n<p align=\"justify\"><span style=\"font-size: small;\">Vous avez fait le choix d&rsquo;un \u00e9tablissement catholique d&rsquo;enseignement pour vos enfants. L&rsquo;APEL du coll\u00e8ge La Salle Saint Michel et La Salle Alexandre Monnet souhaite pouvoir jouer un r\u00f4le important au sein de l&rsquo;\u00e9tablissement, \u00e0 savoir&nbsp;:<\/span><\/p>\n<p align=\"justify\"><span style=\"font-size: small;\">&#8211; <b>animer, accueillir <\/b><b>et<\/b><b> informer<\/b> l&rsquo;ensemble des parents du coll\u00e8ge,<\/span><\/p>\n<p align=\"justify\"><span style=\"font-size: small;\">&#8211; <b>repr\u00e9senter<\/b> les parents notamment aupr\u00e8s de l&rsquo;organisme de gestion (l&rsquo;OGEC) et du chef d&rsquo;\u00e9tablissement.<\/span><\/p>\n<p align=\"justify\"><span style=\"font-size: small;\"><i><b>Qui sommes-nous&nbsp; et pourquoi plus concr\u00e8tement <img src=\"http:\/\/stmichel.re\/wp_stm\/wp-includes\/images\/smilies\/icon_question.gif\" alt=\"?\" class=\"wp-smiley\" style=\"height: 1em; max-height: 1em;\" \/><\/b><\/i><\/span><\/p>\n<p align=\"justify\"><span style=\"font-size: small;\"><i><b>Une \u00e9quipe de parents b\u00e9n\u00e9voles<\/b><\/i> compose le conseil d&rsquo;administration de l&rsquo;APEL qui d\u00e9cide tout au long de l&rsquo;ann\u00e9e des actions et manifestations \u00e0 soutenir tant mat\u00e9riellement que financi\u00e8rement, qui propose de mener de nouvelles actions compl\u00e9mentaires, qui attire l&rsquo;attention du chef d&rsquo;\u00e9tablissement sur des dysfonctionnements \u00e9ventuelles ou sur des am\u00e9liorations souhaitables, &#8230; Mais, c&rsquo;est aussi des parents qui acceptent ponctuellement de venir nous aider pour mettre en \u0153uvre telle ou telle action et ceux qui nous informent et nous font part de leur appr\u00e9ciation sur les \u00e9v\u00e9nements et la vie de l&rsquo;\u00e9tablissement. <\/span><\/p>\n<p align=\"center\"><span style=\"font-size: small;\"><i><b>Nous avons besoin de vous, parents, pour faire vivre notre APEL.<\/b><\/i><\/span><\/p>\n<p align=\"center\"><span style=\"font-size: small;\"><i><b>Notre ambition est de construire ensemble l&rsquo;avenir de nos enfants. <\/b><\/i><\/span><\/p>\n<p align=\"justify\"><span style=\"font-size: small;\">Vous serez invit\u00e9s en d\u00e9but d&rsquo;ann\u00e9e scolaire \u00e0 l&rsquo;assembl\u00e9e g\u00e9n\u00e9rale de l&rsquo;association afin d&rsquo;\u00eatre inform\u00e9 de notre activit\u00e9, et de discuter et\/ou valider les orientations pour l&rsquo;ann\u00e9e scolaire . <\/span><\/p>\n<p align=\"justify\"><span style=\"font-size: small;\">N&rsquo;h\u00e9sitez pas \u00e0 nous solliciter, nous informer, nous contacter, nous faire part de vos suggestions ou propositions, nous transmettre vos coordonn\u00e9es pour vous mobiliser ponctuellement, en nous envoyant un petit mail \u00e0 :<\/span><\/p>\n<p align=\"center\"><span style=\"color: #004586;\"><span style=\"font-size: large;\"><b><a href=\"mailto:stmichel.apel@gmail.com\">stmichel.apel@gmail.com<\/a><\/b><\/span><\/span><\/p>\n<div id=\"sdfootnote1\">\n<p><a class=\"sdfootnotesym\" href=\"#sdfootnote1anc\" name=\"sdfootnote1sym\">1<\/a><strong><span style=\"font-size: xx-small;\"> Appelez le 01 44 93 30 71, les lundis, mardis, jeudis et vendredis de 10h \u00e0 12h et de 14h \u00e0 16h.<\/span><\/strong><\/p>\n<\/div>\n","protected":false},"excerpt":{"rendered":"<p>L&rsquo;APEL &#8211; Association des Parents d&rsquo;\u00c9l\u00e8ves de l&rsquo;enseignement Libre Newsletter APEL 06-2017 Les Apel ont \u00e9t\u00e9 cr\u00e9es il y a plus de 80 ans par des parents d&rsquo;\u00e9l\u00e8ves d\u00e9sireux d&rsquo;\u00eatre associ\u00e9s \u00e0 la vie des \u00e9tablissements scolaires de leurs enfants. Chaque jour, ce sont des milliers de b\u00e9n\u00e9voles qui collaborent activement aux projets \u00e9ducatifs dans &hellip; <\/p>\n<p class=\"link-more\"><a href=\"http:\/\/stmichel.re\/?page_id=321\" class=\"more-link\">Continuer la lecture<span class=\"screen-reader-text\"> de &laquo;&nbsp;L&rsquo;APEL&nbsp;&raquo;<\/span><\/a><\/p>\n","protected":false},"author":197,"featured_media":10881,"parent":6,"menu_order":50,"comment_status":"closed","ping_status":"closed","template":"","meta":{"ngg_post_thumbnail":0,"footnotes":"","_links_to":"","_links_to_target":""},"class_list":["post-321","page","type-page","status-publish","has-post-thumbnail","hentry"],"_links":{"self":[{"href":"http:\/\/stmichel.re\/index.php?rest_route=\/wp\/v2\/pages\/321","targetHints":{"allow":["GET"]}}],"collection":[{"href":"http:\/\/stmichel.re\/index.php?rest_route=\/wp\/v2\/pages"}],"about":[{"href":"http:\/\/stmichel.re\/index.php?rest_route=\/wp\/v2\/types\/page"}],"author":[{"embeddable":true,"href":"http:\/\/stmichel.re\/index.php?rest_route=\/wp\/v2\/users\/197"}],"replies":[{"embeddable":true,"href":"http:\/\/stmichel.re\/index.php?rest_route=%2Fwp%2Fv2%2Fcomments&post=321"}],"version-history":[{"count":0,"href":"http:\/\/stmichel.re\/index.php?rest_route=\/wp\/v2\/pages\/321\/revisions"}],"up":[{"embeddable":true,"href":"http:\/\/stmichel.re\/index.php?rest_route=\/wp\/v2\/pages\/6"}],"wp:featuredmedia":[{"embeddable":true,"href":"http:\/\/stmichel.re\/index.php?rest_route=\/wp\/v2\/media\/10881"}],"wp:attachment":[{"href":"http:\/\/stmichel.re\/index.php?rest_route=%2Fwp%2Fv2%2Fmedia&parent=321"}],"curies":[{"name":"wp","href":"https:\/\/api.w.org\/{rel}","templated":true}]}}